{"id":2025,"date":"2018-03-14T07:17:00","date_gmt":"2018-03-14T06:17:00","guid":{"rendered":"http:\/\/feuerwehr-eltmann.de\/?post_type=einsatz&#038;p=2025"},"modified":"2018-03-14T19:22:43","modified_gmt":"2018-03-14T18:22:43","slug":"person-eingeklemmt","status":"publish","type":"einsatz","link":"https:\/\/feuerwehr-eltmann.de\/?einsatz=person-eingeklemmt","title":{"rendered":"Person eingeklemmt"},"content":{"rendered":"<p>Eine eingeklemmte Person sorgte f\u00fcr die Alarmierung der Feuerwehr Eltmann. Gl\u00fccklicherweise konnte sich noch w\u00e4hrend der Alarmierung die Person aus eigenen Kr\u00e4ften befreien.<\/p>\n<p>Ein Eingreifen war somit nicht mehr notwendig.<\/p>\n","protected":false},"author":1,"featured_media":0,"template":"","meta":{"einsatz_weight":1,"footnotes":""},"categories":[],"tags":[164],"einsatzart":[49],"fahrzeug":[13,12,18,15],"exteinsatzmittel":[20,19],"alarmierungsart":[],"evw_unit":[],"class_list":["post-2025","einsatz","type-einsatz","status-publish","hentry","tag-person-eingeklemmt","einsatzart-thl-3","fahrzeug-elw1","fahrzeug-hlf20","fahrzeug-mzf","fahrzeug-tlf1625","exteinsatzmittel-polizei","exteinsatzmittel-rettungsdienst"],"_links":{"self":[{"href":"https:\/\/feuerwehr-eltmann.de\/index.php?rest_route=\/wp\/v2\/einsatz\/2025","targetHints":{"allow":["GET"]}}],"collection":[{"href":"https:\/\/feuerwehr-eltmann.de\/index.php?rest_route=\/wp\/v2\/einsatz"}],"about":[{"href":"https:\/\/feuerwehr-eltmann.de\/index.php?rest_route=\/wp\/v2\/types\/einsatz"}],"author":[{"embeddable":true,"href":"https:\/\/feuerwehr-eltmann.de\/index.php?rest_route=\/wp\/v2\/users\/1"}],"version-history":[{"count":5,"href":"https:\/\/feuerwehr-eltmann.de\/index.php?rest_route=\/wp\/v2\/einsatz\/2025\/revisions"}],"predecessor-version":[{"id":2034,"href":"https:\/\/feuerwehr-eltmann.de\/index.php?rest_route=\/wp\/v2\/einsatz\/2025\/revisions\/2034"}],"wp:attachment":[{"href":"https:\/\/feuerwehr-eltmann.de\/index.php?rest_route=%2Fwp%2Fv2%2Fmedia&parent=2025"}],"wp:term":[{"taxonomy":"category","embeddable":true,"href":"https:\/\/feuerwehr-eltmann.de\/index.php?rest_route=%2Fwp%2Fv2%2Fcategories&post=2025"},{"taxonomy":"post_tag","embeddable":true,"href":"https:\/\/feuerwehr-eltmann.de\/index.php?rest_route=%2Fwp%2Fv2%2Ftags&post=2025"},{"taxonomy":"einsatzart","embeddable":true,"href":"https:\/\/feuerwehr-eltmann.de\/index.php?rest_route=%2Fwp%2Fv2%2Feinsatzart&post=2025"},{"taxonomy":"fahrzeug","embeddable":true,"href":"https:\/\/feuerwehr-eltmann.de\/index.php?rest_route=%2Fwp%2Fv2%2Ffahrzeug&post=2025"},{"taxonomy":"exteinsatzmittel","embeddable":true,"href":"https:\/\/feuerwehr-eltmann.de\/index.php?rest_route=%2Fwp%2Fv2%2Fexteinsatzmittel&post=2025"},{"taxonomy":"alarmierungsart","embeddable":true,"href":"https:\/\/feuerwehr-eltmann.de\/index.php?rest_route=%2Fwp%2Fv2%2Falarmierungsart&post=2025"},{"taxonomy":"evw_unit","embeddable":true,"href":"https:\/\/feuerwehr-eltmann.de\/index.php?rest_route=%2Fwp%2Fv2%2Fevw_unit&post=2025"}],"curies":[{"name":"wp","href":"https:\/\/api.w.org\/{rel}","templated":true}]}}

<p>Eine eingeklemmte Person sorgte für die Alarmierung der Feuerwehr Eltmann. Glücklicherweise konnte sich noch während der Alarmierung die Person aus eigenen Kräften befreien.</p>
<p>Ein Eingreifen war somit nicht mehr notwendig.</p>
