{"id":2818,"date":"2019-05-24T08:59:00","date_gmt":"2019-05-24T06:59:00","guid":{"rendered":"http:\/\/feuerwehr-eltmann.de\/?post_type=einsatz&#038;p=2818"},"modified":"2019-05-24T13:02:52","modified_gmt":"2019-05-24T11:02:52","slug":"vu-mit-pkw-25","status":"publish","type":"einsatz","link":"https:\/\/feuerwehr-eltmann.de\/?einsatz=vu-mit-pkw-25","title":{"rendered":"VU mit PKW"},"content":{"rendered":"\n<h2 class=\"wp-block-heading\">Zwei Verletzte bei Frontalzusammensto\u00df<\/h2>\n\n\n\n<h4 class=\"wp-block-heading\"> Ein schwerer Unfall passierte zwischen Limbach und Sand. Ein Gro\u00dfaufgebot an Helfern war im Einsatz. <\/h4>\n\n\n\n<p> (Bericht: <a href=\"https:\/\/www.infranken.de\/regional\/hassberge\/zwei-verletzte-bei-frontalzusammenstoss;art217,4241269\" target=\"_blank\" rel=\"noreferrer noopener\" aria-label=\" (\u00f6ffnet in neuem Tab)\">www.infranken.de<\/a>) <\/p>\n\n\n\n<p>Bei einem schweren Verkehrsunfall sind am Freitagmorgen auf der Stra\u00dfe zwischen Limbach und Sand zwei Menschen zum Teil schwer verletzt worden. Zwei Autos waren im Begegnungsverkehr frontal zusammengeprallt.<\/p>\n\n\n\n<!--more-->\n\n\n\n<p>Kurz vor 9 Uhr kam es zu dem folgenschweren Zusammensto\u00df. Nach den Angaben der Polizei  war ein 21 Jahre alter Opel-Fahrer von Limbach in Richtung Sand  unterwegs und rund 500 Meter vor Sand am Beginn einer langen Rechtskurve  auf die Gegenfahrbahn gekommen. Dabei kollidierte sein Pkw mit einem  entgegenkommenden Golf, an dessen Steuer eine 29-j\u00e4hrige Frau sa\u00df.<\/p>\n\n\n\n<p>Der\n Aufprall war so heftig, dass die Unfallstelle rund 100 Meter lang einem\n Tr\u00fcmmerfeld glich. Reifen-, Blech- und andere Fahrzeugteile waren \u00fcber \ndie gesamte Fahrbahn verteilt. Nach dem Zusammensto\u00df blieben die Autos \nerst nach rund 80 Meter voneinander entfernt liegen.<\/p>\n\n\n\n<p>Der Opel  Corsa des Unfallverursachers schleuderte nach dem Frontalzusammensto\u00df  quer \u00fcber die Stra\u00dfe und prallte nach links in die B\u00f6schung. Die  Kollision war so heftig, dass bei dem Pkw die Fahrzeugbatterie schmolz  und sich zum Teil durch die Motorhaube brannte. Der Golf kam nach rechts  von der Fahrbahn ab, \u00fcberschlug sich und blieb auf dem Dach quer auf  dem parallel zur Stra\u00dfe verlaufenden Geh- und Radweg liegen.<\/p>\n\n\n\n<p>In  einer ersten Meldung hatte es zun\u00e4chst gehei\u00dfen, es seien Personen  eingeklemmt. Das best\u00e4tigte sich gl\u00fccklicherweise nicht. Beide  Autofahrer, die jeweils alleine in ihren Autos sa\u00dfen, konnten sich  selbstst\u00e4ndig befreien, wie Andreas Winkler, Kommandant der Feuerwehr Sand best\u00e4tigte.<\/p>\n\n\n\n<p>W\u00e4hrend  der 21-j\u00e4hrige Unfallverursacher mittelschwer verletzt und mit einem  Rettungswagen in den Schockraum des Klinikums Bamberg eingeliefert  wurde, erlitt die 29 Jahre alte Frau schwerere Verletzungen. Nach  Erstversorgung durch einen Notarzt und den Rot-Kreuz-Rettungsdienst  wurde sie mit dem Rettungshubschrauber &#8222;Christoph 18&#8220; in den Schockraum der Uniklinik W\u00fcrzburg geflogen. Lebensgefahr bestand nach ersten Einsch\u00e4tzungen nicht.<\/p>\n\n\n\n<p>An der Unfallstelle waren zwei Rettungswagen aus Eltmann und  Ebern, ein Notarzteinsatzfahrzeug aus Ha\u00dffurt sowie Ingo St\u00f6hlein,  Einsatzleiter des Roten Kreuzes f\u00fcr den  Rettungsdienst, und ein  Rettungshubschrauber im Einsatz. Ebenso wurden von der Integrierten  Leitstelle Schweinfurt die First Responder (Ersthelfer)  der Feuerwehr  Sand alarmiert.  Seitens der Feuerwehren Sand, Eltmann und Limbach waren rund 40 Helfer vor Ort. Die Feuerwehr leitete den Verkehr um, stellte den Brandschutz sicher und fing auslaufende Betriebsstoffe auf.<\/p>\n\n\n\n<p>Beamte der Polizeiinspektion Ha\u00dffurt  waren mit mehreren Streifenwagen vor Ort. Stefan Scherrer,  Verkehrssachbearbeiter der Polizei f\u00fcr den Landkreis, sprach aufgrund  des hohen Zerst\u00f6rungsgrades beider Fahrzeuge an der Einsatzstelle davon,  dass die beiden Unfallbeteiligten offenbar sehr viel Gl\u00fcck hatten. Die  Pkw seien heutzutage wesentlich stabiler und mit zahlreichen  Sicherheitseinrichtungen versehen. &#8222;Vor 20 Jahren h\u00e4tten wir bei diesem  Unfall vermutlich zwei Tote beklagen m\u00fcssen&#8220;, mutma\u00dfte der erfahrene  Beamte.<\/p>\n\n\n\n<p>Die Stra\u00dfe zwischen Sand und Limbach blieb w\u00e4hrend der  Rettungs- und Bergungsarbeiten rund zwei Stunden komplett gesperrt. Der  Verkehr wurde \u00f6rtlich umgeleitet. An beiden Autos entstand Totalschaden;  sie wurden abgeschleppt. <\/p>\n","protected":false},"author":2,"featured_media":0,"template":"","meta":{"einsatz_weight":1,"footnotes":""},"categories":[],"tags":[54],"einsatzart":[49],"fahrzeug":[13,12,172],"exteinsatzmittel":[64,77,20,19],"alarmierungsart":[],"evw_unit":[],"class_list":["post-2818","einsatz","type-einsatz","status-publish","hentry","tag-vu-mit-pkw","einsatzart-thl-3","fahrzeug-elw1","fahrzeug-hlf20","fahrzeug-lf-8-6","exteinsatzmittel-ff-limbach","exteinsatzmittel-ff-sand","exteinsatzmittel-polizei","exteinsatzmittel-rettungsdienst"],"_links":{"self":[{"href":"https:\/\/feuerwehr-eltmann.de\/index.php?rest_route=\/wp\/v2\/einsatz\/2818","targetHints":{"allow":["GET"]}}],"collection":[{"href":"https:\/\/feuerwehr-eltmann.de\/index.php?rest_route=\/wp\/v2\/einsatz"}],"about":[{"href":"https:\/\/feuerwehr-eltmann.de\/index.php?rest_route=\/wp\/v2\/types\/einsatz"}],"author":[{"embeddable":true,"href":"https:\/\/feuerwehr-eltmann.de\/index.php?rest_route=\/wp\/v2\/users\/2"}],"version-history":[{"count":1,"href":"https:\/\/feuerwehr-eltmann.de\/index.php?rest_route=\/wp\/v2\/einsatz\/2818\/revisions"}],"predecessor-version":[{"id":2819,"href":"https:\/\/feuerwehr-eltmann.de\/index.php?rest_route=\/wp\/v2\/einsatz\/2818\/revisions\/2819"}],"wp:attachment":[{"href":"https:\/\/feuerwehr-eltmann.de\/index.php?rest_route=%2Fwp%2Fv2%2Fmedia&parent=2818"}],"wp:term":[{"taxonomy":"category","embeddable":true,"href":"https:\/\/feuerwehr-eltmann.de\/index.php?rest_route=%2Fwp%2Fv2%2Fcategories&post=2818"},{"taxonomy":"post_tag","embeddable":true,"href":"https:\/\/feuerwehr-eltmann.de\/index.php?rest_route=%2Fwp%2Fv2%2Ftags&post=2818"},{"taxonomy":"einsatzart","embeddable":true,"href":"https:\/\/feuerwehr-eltmann.de\/index.php?rest_route=%2Fwp%2Fv2%2Feinsatzart&post=2818"},{"taxonomy":"fahrzeug","embeddable":true,"href":"https:\/\/feuerwehr-eltmann.de\/index.php?rest_route=%2Fwp%2Fv2%2Ffahrzeug&post=2818"},{"taxonomy":"exteinsatzmittel","embeddable":true,"href":"https:\/\/feuerwehr-eltmann.de\/index.php?rest_route=%2Fwp%2Fv2%2Fexteinsatzmittel&post=2818"},{"taxonomy":"alarmierungsart","embeddable":true,"href":"https:\/\/feuerwehr-eltmann.de\/index.php?rest_route=%2Fwp%2Fv2%2Falarmierungsart&post=2818"},{"taxonomy":"evw_unit","embeddable":true,"href":"https:\/\/feuerwehr-eltmann.de\/index.php?rest_route=%2Fwp%2Fv2%2Fevw_unit&post=2818"}],"curies":[{"name":"wp","href":"https:\/\/api.w.org\/{rel}","templated":true}]}}

<h2 class="wp-block-heading">Zwei Verletzte bei Frontalzusammenstoß</h2>



<h4 class="wp-block-heading"> Ein schwerer Unfall passierte zwischen Limbach und Sand. Ein Großaufgebot an Helfern war im Einsatz. </h4>



<p> (Bericht: <a href="https://www.infranken.de/regional/hassberge/zwei-verletzte-bei-frontalzusammenstoss;art217,4241269" target="_blank" rel="noreferrer noopener" aria-label=" (öffnet in neuem Tab)">www.infranken.de</a>) </p>



<p>Bei einem schweren Verkehrsunfall sind am Freitagmorgen auf der Straße zwischen Limbach und Sand zwei Menschen zum Teil schwer verletzt worden. Zwei Autos waren im Begegnungsverkehr frontal zusammengeprallt.</p>



<!--more-->



<p>Kurz vor 9 Uhr kam es zu dem folgenschweren Zusammenstoß. Nach den Angaben der Polizei  war ein 21 Jahre alter Opel-Fahrer von Limbach in Richtung Sand  unterwegs und rund 500 Meter vor Sand am Beginn einer langen Rechtskurve  auf die Gegenfahrbahn gekommen. Dabei kollidierte sein Pkw mit einem  entgegenkommenden Golf, an dessen Steuer eine 29-jährige Frau saß.</p>



<p>Der
 Aufprall war so heftig, dass die Unfallstelle rund 100 Meter lang einem
 Trümmerfeld glich. Reifen-, Blech- und andere Fahrzeugteile waren über 
die gesamte Fahrbahn verteilt. Nach dem Zusammenstoß blieben die Autos 
erst nach rund 80 Meter voneinander entfernt liegen.</p>



<p>Der Opel  Corsa des Unfallverursachers schleuderte nach dem Frontalzusammenstoß  quer über die Straße und prallte nach links in die Böschung. Die  Kollision war so heftig, dass bei dem Pkw die Fahrzeugbatterie schmolz  und sich zum Teil durch die Motorhaube brannte. Der Golf kam nach rechts  von der Fahrbahn ab, überschlug sich und blieb auf dem Dach quer auf  dem parallel zur Straße verlaufenden Geh- und Radweg liegen.</p>



<p>In  einer ersten Meldung hatte es zunächst geheißen, es seien Personen  eingeklemmt. Das bestätigte sich glücklicherweise nicht. Beide  Autofahrer, die jeweils alleine in ihren Autos saßen, konnten sich  selbstständig befreien, wie Andreas Winkler, Kommandant der Feuerwehr Sand bestätigte.</p>



<p>Während  der 21-jährige Unfallverursacher mittelschwer verletzt und mit einem  Rettungswagen in den Schockraum des Klinikums Bamberg eingeliefert  wurde, erlitt die 29 Jahre alte Frau schwerere Verletzungen. Nach  Erstversorgung durch einen Notarzt und den Rot-Kreuz-Rettungsdienst  wurde sie mit dem Rettungshubschrauber &#8222;Christoph 18&#8220; in den Schockraum der Uniklinik Würzburg geflogen. Lebensgefahr bestand nach ersten Einschätzungen nicht.</p>



<p>An der Unfallstelle waren zwei Rettungswagen aus Eltmann und  Ebern, ein Notarzteinsatzfahrzeug aus Haßfurt sowie Ingo Stöhlein,  Einsatzleiter des Roten Kreuzes für den  Rettungsdienst, und ein  Rettungshubschrauber im Einsatz. Ebenso wurden von der Integrierten  Leitstelle Schweinfurt die First Responder (Ersthelfer)  der Feuerwehr  Sand alarmiert.  Seitens der Feuerwehren Sand, Eltmann und Limbach waren rund 40 Helfer vor Ort. Die Feuerwehr leitete den Verkehr um, stellte den Brandschutz sicher und fing auslaufende Betriebsstoffe auf.</p>



<p>Beamte der Polizeiinspektion Haßfurt  waren mit mehreren Streifenwagen vor Ort. Stefan Scherrer,  Verkehrssachbearbeiter der Polizei für den Landkreis, sprach aufgrund  des hohen Zerstörungsgrades beider Fahrzeuge an der Einsatzstelle davon,  dass die beiden Unfallbeteiligten offenbar sehr viel Glück hatten. Die  Pkw seien heutzutage wesentlich stabiler und mit zahlreichen  Sicherheitseinrichtungen versehen. &#8222;Vor 20 Jahren hätten wir bei diesem  Unfall vermutlich zwei Tote beklagen müssen&#8220;, mutmaßte der erfahrene  Beamte.</p>



<p>Die Straße zwischen Sand und Limbach blieb während der  Rettungs- und Bergungsarbeiten rund zwei Stunden komplett gesperrt. Der  Verkehr wurde örtlich umgeleitet. An beiden Autos entstand Totalschaden;  sie wurden abgeschleppt. </p>
