{"id":753,"date":"2015-02-04T04:20:00","date_gmt":"2015-02-04T03:20:00","guid":{"rendered":"http:\/\/feuerwehr-eltmann.de\/?post_type=einsatz&#038;p=753"},"modified":"2017-08-06T07:58:54","modified_gmt":"2017-08-06T05:58:54","slug":"zimmerbrand-3","status":"publish","type":"einsatz","link":"https:\/\/feuerwehr-eltmann.de\/?einsatz=zimmerbrand-3","title":{"rendered":"Zimmerbrand"},"content":{"rendered":"<h2>Alter Fernseher ger\u00e4t in Brand<\/h2>\n<p class=\"auto-style1\">(Bericht: Polizei)<\/p>\n<p>Glimpflich verlief ein Brand in der Nacht zum Mittwoch in Unterschelichach. Am fr\u00fchen Mittwochmorgen, um 04:20 Uhr, wurde die 30 Jahre alte Bewohnerin eines Zimmers an der Ziegelh\u00fctte durch Rauch darauf aufmerksam, dass ihr alter Fernseher brannte. Sie verst\u00e4ndigte die Feuerwehr. Der Brand konnte schnell gel\u00f6scht werden, jedoch entstand durch das Feuer und die Verru\u00dfung des Raumes ein Sachschaden von etwa 2000 Euro. Verletzt wurde niemand. Vor Ort waren die Feuerwehren aus Unterschleichach, Neuschleichach, Eltmann, Ebelsbach sowie Zell am Ebersberg.<\/p>\n","protected":false},"author":2,"featured_media":0,"template":"","meta":{"einsatz_weight":1,"footnotes":""},"categories":[],"tags":[98],"einsatzart":[41],"fahrzeug":[13,12,15],"exteinsatzmittel":[74,124,31,93,20,19],"alarmierungsart":[],"evw_unit":[],"class_list":["post-753","einsatz","type-einsatz","status-publish","hentry","tag-zimmerbrand","einsatzart-b-3","fahrzeug-elw1","fahrzeug-hlf20","fahrzeug-tlf1625","exteinsatzmittel-ff-ebelsbach","exteinsatzmittel-ff-neuschleichach","exteinsatzmittel-ff-unterschlaichach","exteinsatzmittel-ff-zell","exteinsatzmittel-polizei","exteinsatzmittel-rettungsdienst"],"_links":{"self":[{"href":"https:\/\/feuerwehr-eltmann.de\/index.php?rest_route=\/wp\/v2\/einsatz\/753","targetHints":{"allow":["GET"]}}],"collection":[{"href":"https:\/\/feuerwehr-eltmann.de\/index.php?rest_route=\/wp\/v2\/einsatz"}],"about":[{"href":"https:\/\/feuerwehr-eltmann.de\/index.php?rest_route=\/wp\/v2\/types\/einsatz"}],"author":[{"embeddable":true,"href":"https:\/\/feuerwehr-eltmann.de\/index.php?rest_route=\/wp\/v2\/users\/2"}],"version-history":[{"count":1,"href":"https:\/\/feuerwehr-eltmann.de\/index.php?rest_route=\/wp\/v2\/einsatz\/753\/revisions"}],"predecessor-version":[{"id":754,"href":"https:\/\/feuerwehr-eltmann.de\/index.php?rest_route=\/wp\/v2\/einsatz\/753\/revisions\/754"}],"wp:attachment":[{"href":"https:\/\/feuerwehr-eltmann.de\/index.php?rest_route=%2Fwp%2Fv2%2Fmedia&parent=753"}],"wp:term":[{"taxonomy":"category","embeddable":true,"href":"https:\/\/feuerwehr-eltmann.de\/index.php?rest_route=%2Fwp%2Fv2%2Fcategories&post=753"},{"taxonomy":"post_tag","embeddable":true,"href":"https:\/\/feuerwehr-eltmann.de\/index.php?rest_route=%2Fwp%2Fv2%2Ftags&post=753"},{"taxonomy":"einsatzart","embeddable":true,"href":"https:\/\/feuerwehr-eltmann.de\/index.php?rest_route=%2Fwp%2Fv2%2Feinsatzart&post=753"},{"taxonomy":"fahrzeug","embeddable":true,"href":"https:\/\/feuerwehr-eltmann.de\/index.php?rest_route=%2Fwp%2Fv2%2Ffahrzeug&post=753"},{"taxonomy":"exteinsatzmittel","embeddable":true,"href":"https:\/\/feuerwehr-eltmann.de\/index.php?rest_route=%2Fwp%2Fv2%2Fexteinsatzmittel&post=753"},{"taxonomy":"alarmierungsart","embeddable":true,"href":"https:\/\/feuerwehr-eltmann.de\/index.php?rest_route=%2Fwp%2Fv2%2Falarmierungsart&post=753"},{"taxonomy":"evw_unit","embeddable":true,"href":"https:\/\/feuerwehr-eltmann.de\/index.php?rest_route=%2Fwp%2Fv2%2Fevw_unit&post=753"}],"curies":[{"name":"wp","href":"https:\/\/api.w.org\/{rel}","templated":true}]}}

<h2>Alter Fernseher gerät in Brand</h2>
<p class="auto-style1">(Bericht: Polizei)</p>
<p>Glimpflich verlief ein Brand in der Nacht zum Mittwoch in Unterschelichach. Am frühen Mittwochmorgen, um 04:20 Uhr, wurde die 30 Jahre alte Bewohnerin eines Zimmers an der Ziegelhütte durch Rauch darauf aufmerksam, dass ihr alter Fernseher brannte. Sie verständigte die Feuerwehr. Der Brand konnte schnell gelöscht werden, jedoch entstand durch das Feuer und die Verrußung des Raumes ein Sachschaden von etwa 2000 Euro. Verletzt wurde niemand. Vor Ort waren die Feuerwehren aus Unterschleichach, Neuschleichach, Eltmann, Ebelsbach sowie Zell am Ebersberg.</p>
