{"id":1738,"date":"2017-11-03T08:05:45","date_gmt":"2017-11-03T07:05:45","guid":{"rendered":"http:\/\/feuerwehr-eltmann.de\/?page_id=1738"},"modified":"2022-01-19T19:38:23","modified_gmt":"2022-01-19T18:38:23","slug":"die-rettungskarte","status":"publish","type":"page","link":"https:\/\/feuerwehr-eltmann.de\/?page_id=1738","title":{"rendered":"Die Rettungskarte"},"content":{"rendered":"<p>Die Rettungskarte verk\u00fcrzt bei Unf\u00e4llen die Rettungszeit. Sie hilft den Rettungskr\u00e4ften zu erkennen, wo sich Fahrzeugverst\u00e4rkungen, Airbags und die Elektronik befinden. Mit diesem Wissen kann schnell entschieden werden, mit welchem Ger\u00e4t wo am Fahrzeug die effektivste Rettungsma\u00dfnahme eingeleitet wird.<\/p>\n<p><img loading=\"lazy\" decoding=\"async\" class=\" wp-image-1741 aligncenter\" src=\"https:\/\/feuerwehr-eltmann.de\/wp-content\/uploads\/2017\/11\/RettungskarteBeispiel.jpg\" alt=\"\" width=\"331\" height=\"484\" srcset=\"https:\/\/feuerwehr-eltmann.de\/wp-content\/uploads\/2017\/11\/RettungskarteBeispiel.jpg 400w, https:\/\/feuerwehr-eltmann.de\/wp-content\/uploads\/2017\/11\/RettungskarteBeispiel-205x300.jpg 205w\" sizes=\"auto, (max-width: 331px) 100vw, 331px\" \/><\/p>\n<h2>Jede Sekunde z\u00e4hlt &#8211; die Rettungskarte geh\u00f6rt in jedes Fahrzeug!<\/h2>\n<p>Wichtig ist die richtige Platzierung der Rettungskarte. Was n\u00fctzt die Karte an Bord, wenn sie nicht gesehen wird! Auf der Seite vom <a href=\"https:\/\/www.adac.de\/infotestrat\/ratgeber-verkehr\/sicher-unterwegs\/rettungskarte\/default.aspx\" target=\"_blank\" rel=\"noopener\">ADAC<\/a> sind alle Fahrzeughersteller aufgelistet. Druckt euch die Rettungskarte f\u00fcr euer Fahrzeug aus und steckt den Zettel hinter die Sonnenblende des Fahrers.<\/p>\n<p><img loading=\"lazy\" decoding=\"async\" class=\" wp-image-1745 aligncenter\" src=\"https:\/\/feuerwehr-eltmann.de\/wp-content\/uploads\/2017\/11\/Rettungskarte_Sonnenblende.jpg\" alt=\"\" width=\"250\" height=\"135\" srcset=\"https:\/\/feuerwehr-eltmann.de\/wp-content\/uploads\/2017\/11\/Rettungskarte_Sonnenblende.jpg 726w, https:\/\/feuerwehr-eltmann.de\/wp-content\/uploads\/2017\/11\/Rettungskarte_Sonnenblende-300x162.jpg 300w\" sizes=\"auto, (max-width: 250px) 100vw, 250px\" \/><\/p>\n<p>Dass eine Rettungskarte im Auto vorhanden ist, k\u00f6nnt ihr mit einem Aufkleber \u201eRettungskarte im Fahrzeug\u201c an eurer Windschutzscheibe anzeigen. Auch diesen Aufkleber k\u00f6nnt ihr euch kostenlos im <a href=\"https:\/\/www.google.de\/search?client=firefox-b&amp;dcr=0&amp;ei=1Bv8WarXEMfFsAfmupTYBg&amp;q=aufkleber+rettungskarte+im+fahrzeug+kostenlos&amp;oq=aufkleber+rettungskarte+im+fahrzeug+kostenlos&amp;gs_l=psy-ab.3..0.6066.7023.0.7162.9.8.0.0.0.0.176.923.0j7.7.0....0...1.1.64.psy-ab..2.7.917....0.LBoBpgF5Bh0\" target=\"_blank\" rel=\"noopener\">Internet<\/a> bestellen.<\/p>\n<p><img loading=\"lazy\" decoding=\"async\" class=\"wp-image-1742 aligncenter\" src=\"https:\/\/feuerwehr-eltmann.de\/wp-content\/uploads\/2017\/11\/RettungskarteFahrzeug.jpg\" alt=\"\" width=\"249\" height=\"187\" srcset=\"https:\/\/feuerwehr-eltmann.de\/wp-content\/uploads\/2017\/11\/RettungskarteFahrzeug.jpg 840w, https:\/\/feuerwehr-eltmann.de\/wp-content\/uploads\/2017\/11\/RettungskarteFahrzeug-300x225.jpg 300w, https:\/\/feuerwehr-eltmann.de\/wp-content\/uploads\/2017\/11\/RettungskarteFahrzeug-768x576.jpg 768w\" sizes=\"auto, (max-width: 249px) 100vw, 249px\" \/><\/p>\n\n\n<p>Weitere Informationen zur Rettungskarte finden Sie unter <a rel=\"noreferrer noopener\" href=\"https:\/\/www.bussgeldkatalog.org\/rettungskarte\/\" target=\"_blank\">https:\/\/www.bussgeldkatalog.org\/rettungskarte\/<\/a><\/p>\n","protected":false},"excerpt":{"rendered":"<p>Die Rettungskarte verk\u00fcrzt bei Unf\u00e4llen die Rettungszeit. Sie hilft den Rettungskr\u00e4ften zu erkennen, wo sich Fahrzeugverst\u00e4rkungen, Airbags und die Elektronik befinden. Mit diesem Wissen kann schnell entschieden werden, mit welchem Ger\u00e4t wo am Fahrzeug die effektivste Rettungsma\u00dfnahme eingeleitet wird. Jede &hellip; <a href=\"https:\/\/feuerwehr-eltmann.de\/?page_id=1738\">Weiterlesen <span class=\"meta-nav\">&rarr;<\/span><\/a><\/p>\n","protected":false},"author":2,"featured_media":0,"parent":39,"menu_order":0,"comment_status":"closed","ping_status":"closed","template":"","meta":{"_mc_calendar":[],"footnotes":""},"class_list":["post-1738","page","type-page","status-publish","hentry"],"_links":{"self":[{"href":"https:\/\/feuerwehr-eltmann.de\/index.php?rest_route=\/wp\/v2\/pages\/1738","targetHints":{"allow":["GET"]}}],"collection":[{"href":"https:\/\/feuerwehr-eltmann.de\/index.php?rest_route=\/wp\/v2\/pages"}],"about":[{"href":"https:\/\/feuerwehr-eltmann.de\/index.php?rest_route=\/wp\/v2\/types\/page"}],"author":[{"embeddable":true,"href":"https:\/\/feuerwehr-eltmann.de\/index.php?rest_route=\/wp\/v2\/users\/2"}],"replies":[{"embeddable":true,"href":"https:\/\/feuerwehr-eltmann.de\/index.php?rest_route=%2Fwp%2Fv2%2Fcomments&post=1738"}],"version-history":[{"count":7,"href":"https:\/\/feuerwehr-eltmann.de\/index.php?rest_route=\/wp\/v2\/pages\/1738\/revisions"}],"predecessor-version":[{"id":3878,"href":"https:\/\/feuerwehr-eltmann.de\/index.php?rest_route=\/wp\/v2\/pages\/1738\/revisions\/3878"}],"up":[{"embeddable":true,"href":"https:\/\/feuerwehr-eltmann.de\/index.php?rest_route=\/wp\/v2\/pages\/39"}],"wp:attachment":[{"href":"https:\/\/feuerwehr-eltmann.de\/index.php?rest_route=%2Fwp%2Fv2%2Fmedia&parent=1738"}],"curies":[{"name":"wp","href":"https:\/\/api.w.org\/{rel}","templated":true}]}}