{"id":288,"date":"2017-07-25T08:11:25","date_gmt":"2017-07-25T06:11:25","guid":{"rendered":"http:\/\/feuerwehr-eltmann.de\/?page_id=288"},"modified":"2024-10-14T20:09:24","modified_gmt":"2024-10-14T18:09:24","slug":"mannschaft","status":"publish","type":"page","link":"https:\/\/feuerwehr-eltmann.de\/?page_id=288","title":{"rendered":"Mannschaft"},"content":{"rendered":"<p>WIR &#8211; sind 52 aktive Frauen und M\u00e4nner, die rund um die Uhr f\u00fcr ihre Sicherheit sorgen. Unsere Aufgaben reichen neben der Brandbek\u00e4mpfung und technischer Hilfeleistung hin zu Sicherheitswachen und Brandschutzerziehung.<\/p>\n<p>Dies erfordert einen hohen Zeitaufwand, den wir ehrenamtlich in unserer Freizeit stemmen. Durch st\u00e4ndiges \u00dcben und Weiterbildungen am eigenen Standort und den Feuerwehrschulen ist ein professionelles Auftreten sichergestellt.<\/p>\n","protected":false},"excerpt":{"rendered":"<p>WIR &#8211; sind 52 aktive Frauen und M\u00e4nner, die rund um die Uhr f\u00fcr ihre Sicherheit sorgen. Unsere Aufgaben reichen neben der Brandbek\u00e4mpfung und technischer Hilfeleistung hin zu Sicherheitswachen und Brandschutzerziehung. Dies erfordert einen hohen Zeitaufwand, den wir ehrenamtlich in &hellip; <a href=\"https:\/\/feuerwehr-eltmann.de\/?page_id=288\">Weiterlesen <span class=\"meta-nav\">&rarr;<\/span><\/a><\/p>\n","protected":false},"author":2,"featured_media":0,"parent":32,"menu_order":0,"comment_status":"closed","ping_status":"closed","template":"","meta":{"_mc_calendar":[],"footnotes":""},"class_list":["post-288","page","type-page","status-publish","hentry"],"_links":{"self":[{"href":"https:\/\/feuerwehr-eltmann.de\/index.php?rest_route=\/wp\/v2\/pages\/288","targetHints":{"allow":["GET"]}}],"collection":[{"href":"https:\/\/feuerwehr-eltmann.de\/index.php?rest_route=\/wp\/v2\/pages"}],"about":[{"href":"https:\/\/feuerwehr-eltmann.de\/index.php?rest_route=\/wp\/v2\/types\/page"}],"author":[{"embeddable":true,"href":"https:\/\/feuerwehr-eltmann.de\/index.php?rest_route=\/wp\/v2\/users\/2"}],"replies":[{"embeddable":true,"href":"https:\/\/feuerwehr-eltmann.de\/index.php?rest_route=%2Fwp%2Fv2%2Fcomments&post=288"}],"version-history":[{"count":18,"href":"https:\/\/feuerwehr-eltmann.de\/index.php?rest_route=\/wp\/v2\/pages\/288\/revisions"}],"predecessor-version":[{"id":4930,"href":"https:\/\/feuerwehr-eltmann.de\/index.php?rest_route=\/wp\/v2\/pages\/288\/revisions\/4930"}],"up":[{"embeddable":true,"href":"https:\/\/feuerwehr-eltmann.de\/index.php?rest_route=\/wp\/v2\/pages\/32"}],"wp:attachment":[{"href":"https:\/\/feuerwehr-eltmann.de\/index.php?rest_route=%2Fwp%2Fv2%2Fmedia&parent=288"}],"curies":[{"name":"wp","href":"https:\/\/api.w.org\/{rel}","templated":true}]}}