{"id":367,"date":"2017-07-27T15:26:57","date_gmt":"2017-07-27T13:26:57","guid":{"rendered":"http:\/\/feuerwehr-eltmann.de\/?page_id=367"},"modified":"2017-10-30T19:31:02","modified_gmt":"2017-10-30T18:31:02","slug":"hlf-20-hilfeleistungsloeschgruppenfahrzeug","status":"publish","type":"page","link":"https:\/\/feuerwehr-eltmann.de\/?page_id=367","title":{"rendered":"HLF 20 &#8211; Hilfeleistungsl\u00f6schgruppenfahrzeug"},"content":{"rendered":"<p>Das HLF 20 ist unser &#8222;Allrounder&#8220; und f\u00e4hrt nahezu bei jedem Einsatz mit. Es kann sehr effektiv zur Brandbek\u00e4mpfung sowie zur technischen Hilfeleistung eingesetzt werden.<\/p>\n<p>Zur Beladung z\u00e4hlt somit ein formstabiler Schnellangriffsschlauch zur unmittelbaren Brandbek\u00e4mpfung, wahlweise mit Wasser oder Schaummittel. Die vier Atemschutzger\u00e4te sind im Mannschaftsraum integriert. Der Rettungssatz mit Schere und Spreizer, sowie ein Satz Hydraulikzylinder stehen zur technischen Hilfeleistung zur Verf\u00fcgung. Erg\u00e4nzt werden die Ger\u00e4tschaften mit dem Stab-Fast-System zur Stabilisierung von Unfallfahrzeugen, B\u00fcffelwinden und den Hebekissen.<\/p>\n<p>Desweiteren stehen f\u00fcr Unwettereins\u00e4tze eine Motorkettens\u00e4ge, eine Tauchpumpe sowie ein Mehrzweckseilzug zur Verf\u00fcgung.<\/p>\n<p>Als Sonderbeladung ist ein Messkoffer f\u00fcr Gefahrstoffe sowie vier Chemikalienschutzanz\u00fcge (CSA) verlastet. Ein Sprungretter komplettiert die Ausr\u00fcstung des HLFs.<\/p>\n<h2>Technische Daten<\/h2>\n<p>\n<table id=\"tablepress-beladung_hlf\" class=\"tablepress tablepress-id-beladung_hlf\">\n<tbody class=\"row-hover\">\n<tr class=\"row-1\">\n\t<td class=\"column-1\">Fahrgestell<\/td><td class=\"column-2\">MAN<\/td>\n<\/tr>\n<tr class=\"row-2\">\n\t<td class=\"column-1\">Aufbau<\/td><td class=\"column-2\">Ziegler<\/td>\n<\/tr>\n<tr class=\"row-3\">\n\t<td class=\"column-1\">Leistung<\/td><td class=\"column-2\">213 kW<\/td>\n<\/tr>\n<tr class=\"row-4\">\n\t<td class=\"column-1\">Baujahr<\/td><td class=\"column-2\">09\/2013<\/td>\n<\/tr>\n<tr class=\"row-5\">\n\t<td class=\"column-1\">Besatzung<\/td><td class=\"column-2\">Gruppe: 1\/8<\/td>\n<\/tr>\n<tr class=\"row-6\">\n\t<td class=\"column-1\">Tank Wasser<\/td><td class=\"column-2\">1.600 Liter<\/td>\n<\/tr>\n<tr class=\"row-7\">\n\t<td class=\"column-1\">Tank Schaummittel<\/td><td class=\"column-2\">120 Liter<\/td>\n<\/tr>\n<tr class=\"row-8\">\n\t<td class=\"column-1\">Feuerl\u00f6schkreiselpumpe<\/td><td class=\"column-2\">2.000 Liter\/min<\/td>\n<\/tr>\n<tr class=\"row-9\">\n\t<td class=\"column-1\">Besondere Beladung<\/td><td class=\"column-2\">- Messkoffer Gefahrgut<br \/>\n- Mehrgasmessger\u00e4t<br \/>\n- CSA <br \/>\n- Stab-Fast System<br \/>\n- Sprungretter<br \/>\n- W\u00e4rmebildkamera<br \/>\n- handliches Hydraulik-Kombiger\u00e4t<\/td>\n<\/tr>\n<\/tbody>\n<\/table>\n<!-- #tablepress-beladung_hlf from cache --><br \/>\n<div id=\"envira-gallery-wrap-1319\" class=\"envira-gallery-wrap envira-gallery-theme-base envira-lightbox-theme-base\" itemscope itemtype=\"https:\/\/schema.org\/ImageGallery\"><div data-row-height=\"150\" data-gallery-theme=\"normal\" id=\"envira-gallery-1319\" class=\"envira-gallery-public envira-gallery-justified-public envira-gallery-0-columns envira-clear enviratope envira-gallery-css-animations\" data-envira-columns=\"0\"><div id=\"envira-gallery-item-1324\" class=\"envira-gallery-item enviratope-item envira-gallery-item-1 envira-lazy-load\" style=\"padding-left: 5px; padding-bottom: 10px; padding-right: 5px;\"  itemscope itemtype=\"https:\/\/schema.org\/ImageObject\"><div class=\"envira-gallery-item-inner\"><div class=\"envira-gallery-position-overlay  envira-gallery-top-left\"><\/div><div class=\"envira-gallery-position-overlay  envira-gallery-top-right\"><\/div><div class=\"envira-gallery-position-overlay  envira-gallery-bottom-left\"><\/div><div class=\"envira-gallery-position-overlay  envira-gallery-bottom-right\"><\/div><a href=\"https:\/\/feuerwehr-eltmann.de\/wp-content\/uploads\/2017\/08\/mini-DSC_0232.jpg\" class=\"envira-gallery-1319 envira-gallery-link\" rel=\"enviragallery1319\" title=\"mini-DSC_0232\" data-envira-caption=\"mini-DSC_0232\" data-envira-retina=\"\" data-thumbnail=\"\"  itemprop=\"contentUrl\"><img decoding=\"async\" id=\"envira-gallery-image-1324\" class=\"envira-gallery-image envira-gallery-image-1 envira-normal envira-lazy\" data-envira-index=\"1\" src=\"https:\/\/feuerwehr-eltmann.de\/wp-content\/uploads\/2017\/08\/mini-DSC_0232-640x480.jpg\" data-envira-src=\"https:\/\/feuerwehr-eltmann.de\/wp-content\/uploads\/2017\/08\/mini-DSC_0232-640x480.jpg\" data-envira-gallery-id=\"1319\" data-envira-item-id=\"1324\" data-envira-caption=\"mini-DSC_0232\" alt=\"\" title=\"mini-DSC_0232\"  itemprop=\"thumbnailUrl\" data-envira-srcset=\"https:\/\/feuerwehr-eltmann.de\/wp-content\/uploads\/2017\/08\/mini-DSC_0232-640x480.jpg 400w,https:\/\/feuerwehr-eltmann.de\/wp-content\/uploads\/2017\/08\/mini-DSC_0232-640x480.jpg 2x\" data-envira-width=\"300\" data-envira-height=\"187\" srcset=\"data:image\/gif;base64,R0lGODlhAQABAIAAAP\/\/\/\/\/\/\/yH5BAEKAAEALAAAAAABAAEAAAICTAEAOw==\" data-safe-src=\"data:image\/gif;base64,R0lGODlhAQABAIAAAP\/\/\/\/\/\/\/yH5BAEKAAEALAAAAAABAAEAAAICTAEAOw==\" \/><\/a><\/div><\/div><div id=\"envira-gallery-item-1325\" class=\"envira-gallery-item enviratope-item envira-gallery-item-2 envira-lazy-load\" style=\"padding-left: 5px; padding-bottom: 10px; padding-right: 5px;\"  itemscope itemtype=\"https:\/\/schema.org\/ImageObject\"><div class=\"envira-gallery-item-inner\"><div class=\"envira-gallery-position-overlay  envira-gallery-top-left\"><\/div><div class=\"envira-gallery-position-overlay  envira-gallery-top-right\"><\/div><div class=\"envira-gallery-position-overlay  envira-gallery-bottom-left\"><\/div><div class=\"envira-gallery-position-overlay  envira-gallery-bottom-right\"><\/div><a href=\"https:\/\/feuerwehr-eltmann.de\/wp-content\/uploads\/2017\/08\/mini-DSC_0248.jpg\" class=\"envira-gallery-1319 envira-gallery-link\" rel=\"enviragallery1319\" title=\"mini-DSC_0248\" data-envira-caption=\"mini-DSC_0248\" data-envira-retina=\"\" data-thumbnail=\"\"  itemprop=\"contentUrl\"><img decoding=\"async\" id=\"envira-gallery-image-1325\" class=\"envira-gallery-image envira-gallery-image-2 envira-normal envira-lazy\" data-envira-index=\"2\" src=\"https:\/\/feuerwehr-eltmann.de\/wp-content\/uploads\/2017\/08\/mini-DSC_0248-640x480.jpg\" data-envira-src=\"https:\/\/feuerwehr-eltmann.de\/wp-content\/uploads\/2017\/08\/mini-DSC_0248-640x480.jpg\" data-envira-gallery-id=\"1319\" data-envira-item-id=\"1325\" data-envira-caption=\"mini-DSC_0248\" alt=\"\" title=\"mini-DSC_0248\"  itemprop=\"thumbnailUrl\" data-envira-srcset=\"https:\/\/feuerwehr-eltmann.de\/wp-content\/uploads\/2017\/08\/mini-DSC_0248-640x480.jpg 400w,https:\/\/feuerwehr-eltmann.de\/wp-content\/uploads\/2017\/08\/mini-DSC_0248-640x480.jpg 2x\" data-envira-width=\"300\" data-envira-height=\"171\" srcset=\"data:image\/gif;base64,R0lGODlhAQABAIAAAP\/\/\/\/\/\/\/yH5BAEKAAEALAAAAAABAAEAAAICTAEAOw==\" data-safe-src=\"data:image\/gif;base64,R0lGODlhAQABAIAAAP\/\/\/\/\/\/\/yH5BAEKAAEALAAAAAABAAEAAAICTAEAOw==\" \/><\/a><\/div><\/div><div id=\"envira-gallery-item-1321\" class=\"envira-gallery-item enviratope-item envira-gallery-item-3 envira-lazy-load\" style=\"padding-left: 5px; padding-bottom: 10px; padding-right: 5px;\"  itemscope itemtype=\"https:\/\/schema.org\/ImageObject\"><div class=\"envira-gallery-item-inner\"><div class=\"envira-gallery-position-overlay  envira-gallery-top-left\"><\/div><div class=\"envira-gallery-position-overlay  envira-gallery-top-right\"><\/div><div class=\"envira-gallery-position-overlay  envira-gallery-bottom-left\"><\/div><div class=\"envira-gallery-position-overlay  envira-gallery-bottom-right\"><\/div><a href=\"https:\/\/feuerwehr-eltmann.de\/wp-content\/uploads\/2017\/08\/mini-DSC_0160.jpg\" class=\"envira-gallery-1319 envira-gallery-link\" rel=\"enviragallery1319\" title=\"mini-DSC_0160\" data-envira-caption=\"mini-DSC_0160\" data-envira-retina=\"\" data-thumbnail=\"\"  itemprop=\"contentUrl\"><img decoding=\"async\" id=\"envira-gallery-image-1321\" class=\"envira-gallery-image envira-gallery-image-3 envira-normal envira-lazy\" data-envira-index=\"3\" src=\"https:\/\/feuerwehr-eltmann.de\/wp-content\/uploads\/2017\/08\/mini-DSC_0160-640x480.jpg\" data-envira-src=\"https:\/\/feuerwehr-eltmann.de\/wp-content\/uploads\/2017\/08\/mini-DSC_0160-640x480.jpg\" data-envira-gallery-id=\"1319\" data-envira-item-id=\"1321\" data-envira-caption=\"mini-DSC_0160\" alt=\"\" title=\"mini-DSC_0160\"  itemprop=\"thumbnailUrl\" data-envira-srcset=\"https:\/\/feuerwehr-eltmann.de\/wp-content\/uploads\/2017\/08\/mini-DSC_0160-640x480.jpg 400w,https:\/\/feuerwehr-eltmann.de\/wp-content\/uploads\/2017\/08\/mini-DSC_0160-640x480.jpg 2x\" data-envira-width=\"300\" data-envira-height=\"146\" srcset=\"data:image\/gif;base64,R0lGODlhAQABAIAAAP\/\/\/\/\/\/\/yH5BAEKAAEALAAAAAABAAEAAAICTAEAOw==\" data-safe-src=\"data:image\/gif;base64,R0lGODlhAQABAIAAAP\/\/\/\/\/\/\/yH5BAEKAAEALAAAAAABAAEAAAICTAEAOw==\" \/><\/a><\/div><\/div><div id=\"envira-gallery-item-1320\" class=\"envira-gallery-item enviratope-item envira-gallery-item-4 envira-lazy-load\" style=\"padding-left: 5px; padding-bottom: 10px; padding-right: 5px;\"  itemscope itemtype=\"https:\/\/schema.org\/ImageObject\"><div class=\"envira-gallery-item-inner\"><div class=\"envira-gallery-position-overlay  envira-gallery-top-left\"><\/div><div class=\"envira-gallery-position-overlay  envira-gallery-top-right\"><\/div><div class=\"envira-gallery-position-overlay  envira-gallery-bottom-left\"><\/div><div class=\"envira-gallery-position-overlay  envira-gallery-bottom-right\"><\/div><a href=\"https:\/\/feuerwehr-eltmann.de\/wp-content\/uploads\/2017\/08\/mini-DSC_0158.jpg\" class=\"envira-gallery-1319 envira-gallery-link\" rel=\"enviragallery1319\" title=\"mini-DSC_0158\" data-envira-caption=\"mini-DSC_0158\" data-envira-retina=\"\" data-thumbnail=\"\"  itemprop=\"contentUrl\"><img decoding=\"async\" id=\"envira-gallery-image-1320\" class=\"envira-gallery-image envira-gallery-image-4 envira-normal envira-lazy\" data-envira-index=\"4\" src=\"https:\/\/feuerwehr-eltmann.de\/wp-content\/uploads\/2017\/08\/mini-DSC_0158-640x480.jpg\" data-envira-src=\"https:\/\/feuerwehr-eltmann.de\/wp-content\/uploads\/2017\/08\/mini-DSC_0158-640x480.jpg\" data-envira-gallery-id=\"1319\" data-envira-item-id=\"1320\" data-envira-caption=\"mini-DSC_0158\" alt=\"\" title=\"mini-DSC_0158\"  itemprop=\"thumbnailUrl\" data-envira-srcset=\"https:\/\/feuerwehr-eltmann.de\/wp-content\/uploads\/2017\/08\/mini-DSC_0158-640x480.jpg 400w,https:\/\/feuerwehr-eltmann.de\/wp-content\/uploads\/2017\/08\/mini-DSC_0158-640x480.jpg 2x\" data-envira-width=\"300\" data-envira-height=\"163\" srcset=\"data:image\/gif;base64,R0lGODlhAQABAIAAAP\/\/\/\/\/\/\/yH5BAEKAAEALAAAAAABAAEAAAICTAEAOw==\" data-safe-src=\"data:image\/gif;base64,R0lGODlhAQABAIAAAP\/\/\/\/\/\/\/yH5BAEKAAEALAAAAAABAAEAAAICTAEAOw==\" \/><\/a><\/div><\/div><div id=\"envira-gallery-item-1322\" class=\"envira-gallery-item enviratope-item envira-gallery-item-5 envira-lazy-load\" style=\"padding-left: 5px; padding-bottom: 10px; padding-right: 5px;\"  itemscope itemtype=\"https:\/\/schema.org\/ImageObject\"><div class=\"envira-gallery-item-inner\"><div class=\"envira-gallery-position-overlay  envira-gallery-top-left\"><\/div><div class=\"envira-gallery-position-overlay  envira-gallery-top-right\"><\/div><div class=\"envira-gallery-position-overlay  envira-gallery-bottom-left\"><\/div><div class=\"envira-gallery-position-overlay  envira-gallery-bottom-right\"><\/div><a href=\"https:\/\/feuerwehr-eltmann.de\/wp-content\/uploads\/2017\/08\/mini-DSC_0172.jpg\" class=\"envira-gallery-1319 envira-gallery-link\" rel=\"enviragallery1319\" title=\"mini-DSC_0172\" data-envira-caption=\"mini-DSC_0172\" data-envira-retina=\"\" data-thumbnail=\"\"  itemprop=\"contentUrl\"><img decoding=\"async\" id=\"envira-gallery-image-1322\" class=\"envira-gallery-image envira-gallery-image-5 envira-normal envira-lazy\" data-envira-index=\"5\" src=\"https:\/\/feuerwehr-eltmann.de\/wp-content\/uploads\/2017\/08\/mini-DSC_0172-640x480.jpg\" data-envira-src=\"https:\/\/feuerwehr-eltmann.de\/wp-content\/uploads\/2017\/08\/mini-DSC_0172-640x480.jpg\" data-envira-gallery-id=\"1319\" data-envira-item-id=\"1322\" data-envira-caption=\"mini-DSC_0172\" alt=\"\" title=\"mini-DSC_0172\"  itemprop=\"thumbnailUrl\" data-envira-srcset=\"https:\/\/feuerwehr-eltmann.de\/wp-content\/uploads\/2017\/08\/mini-DSC_0172-640x480.jpg 400w,https:\/\/feuerwehr-eltmann.de\/wp-content\/uploads\/2017\/08\/mini-DSC_0172-640x480.jpg 2x\" data-envira-width=\"300\" data-envira-height=\"300\" srcset=\"data:image\/gif;base64,R0lGODlhAQABAIAAAP\/\/\/\/\/\/\/yH5BAEKAAEALAAAAAABAAEAAAICTAEAOw==\" data-safe-src=\"data:image\/gif;base64,R0lGODlhAQABAIAAAP\/\/\/\/\/\/\/yH5BAEKAAEALAAAAAABAAEAAAICTAEAOw==\" \/><\/a><\/div><\/div><div id=\"envira-gallery-item-1323\" class=\"envira-gallery-item enviratope-item envira-gallery-item-6 envira-lazy-load\" style=\"padding-left: 5px; padding-bottom: 10px; padding-right: 5px;\"  itemscope itemtype=\"https:\/\/schema.org\/ImageObject\"><div class=\"envira-gallery-item-inner\"><div class=\"envira-gallery-position-overlay  envira-gallery-top-left\"><\/div><div class=\"envira-gallery-position-overlay  envira-gallery-top-right\"><\/div><div class=\"envira-gallery-position-overlay  envira-gallery-bottom-left\"><\/div><div class=\"envira-gallery-position-overlay  envira-gallery-bottom-right\"><\/div><a href=\"https:\/\/feuerwehr-eltmann.de\/wp-content\/uploads\/2017\/08\/mini-DSC_0185.jpg\" class=\"envira-gallery-1319 envira-gallery-link\" rel=\"enviragallery1319\" title=\"mini-DSC_0185\" data-envira-caption=\"mini-DSC_0185\" data-envira-retina=\"\" data-thumbnail=\"\"  itemprop=\"contentUrl\"><img decoding=\"async\" id=\"envira-gallery-image-1323\" class=\"envira-gallery-image envira-gallery-image-6 envira-normal envira-lazy\" data-envira-index=\"6\" src=\"https:\/\/feuerwehr-eltmann.de\/wp-content\/uploads\/2017\/08\/mini-DSC_0185-640x480.jpg\" data-envira-src=\"https:\/\/feuerwehr-eltmann.de\/wp-content\/uploads\/2017\/08\/mini-DSC_0185-640x480.jpg\" data-envira-gallery-id=\"1319\" data-envira-item-id=\"1323\" data-envira-caption=\"mini-DSC_0185\" alt=\"\" title=\"mini-DSC_0185\"  itemprop=\"thumbnailUrl\" data-envira-srcset=\"https:\/\/feuerwehr-eltmann.de\/wp-content\/uploads\/2017\/08\/mini-DSC_0185-640x480.jpg 400w,https:\/\/feuerwehr-eltmann.de\/wp-content\/uploads\/2017\/08\/mini-DSC_0185-640x480.jpg 2x\" data-envira-width=\"254\" data-envira-height=\"300\" srcset=\"data:image\/gif;base64,R0lGODlhAQABAIAAAP\/\/\/\/\/\/\/yH5BAEKAAEALAAAAAABAAEAAAICTAEAOw==\" data-safe-src=\"data:image\/gif;base64,R0lGODlhAQABAIAAAP\/\/\/\/\/\/\/yH5BAEKAAEALAAAAAABAAEAAAICTAEAOw==\" \/><\/a><\/div><\/div><\/div><\/div><noscript><img decoding=\"async\" src=\"https:\/\/feuerwehr-eltmann.de\/wp-content\/uploads\/2017\/08\/mini-DSC_0232.jpg\" alt=\"\" \/><img decoding=\"async\" src=\"https:\/\/feuerwehr-eltmann.de\/wp-content\/uploads\/2017\/08\/mini-DSC_0248.jpg\" alt=\"\" \/><img decoding=\"async\" src=\"https:\/\/feuerwehr-eltmann.de\/wp-content\/uploads\/2017\/08\/mini-DSC_0160.jpg\" alt=\"\" \/><img decoding=\"async\" src=\"https:\/\/feuerwehr-eltmann.de\/wp-content\/uploads\/2017\/08\/mini-DSC_0158.jpg\" alt=\"\" \/><img decoding=\"async\" src=\"https:\/\/feuerwehr-eltmann.de\/wp-content\/uploads\/2017\/08\/mini-DSC_0172.jpg\" alt=\"\" \/><img decoding=\"async\" src=\"https:\/\/feuerwehr-eltmann.de\/wp-content\/uploads\/2017\/08\/mini-DSC_0185.jpg\" alt=\"\" \/><\/noscript><\/p>\n","protected":false},"excerpt":{"rendered":"<p>Das HLF 20 ist unser &#8222;Allrounder&#8220; und f\u00e4hrt nahezu bei jedem Einsatz mit. Es kann sehr effektiv zur Brandbek\u00e4mpfung sowie zur technischen Hilfeleistung eingesetzt werden. Zur Beladung z\u00e4hlt somit ein formstabiler Schnellangriffsschlauch zur unmittelbaren Brandbek\u00e4mpfung, wahlweise mit Wasser oder Schaummittel. &hellip; <a href=\"https:\/\/feuerwehr-eltmann.de\/?page_id=367\">Weiterlesen <span class=\"meta-nav\">&rarr;<\/span><\/a><\/p>\n","protected":false},"author":2,"featured_media":0,"parent":1067,"menu_order":0,"comment_status":"closed","ping_status":"closed","template":"","meta":{"_mc_calendar":[],"footnotes":""},"class_list":["post-367","page","type-page","status-publish","hentry"],"_links":{"self":[{"href":"https:\/\/feuerwehr-eltmann.de\/index.php?rest_route=\/wp\/v2\/pages\/367","targetHints":{"allow":["GET"]}}],"collection":[{"href":"https:\/\/feuerwehr-eltmann.de\/index.php?rest_route=\/wp\/v2\/pages"}],"about":[{"href":"https:\/\/feuerwehr-eltmann.de\/index.php?rest_route=\/wp\/v2\/types\/page"}],"author":[{"embeddable":true,"href":"https:\/\/feuerwehr-eltmann.de\/index.php?rest_route=\/wp\/v2\/users\/2"}],"replies":[{"embeddable":true,"href":"https:\/\/feuerwehr-eltmann.de\/index.php?rest_route=%2Fwp%2Fv2%2Fcomments&post=367"}],"version-history":[{"count":11,"href":"https:\/\/feuerwehr-eltmann.de\/index.php?rest_route=\/wp\/v2\/pages\/367\/revisions"}],"predecessor-version":[{"id":1327,"href":"https:\/\/feuerwehr-eltmann.de\/index.php?rest_route=\/wp\/v2\/pages\/367\/revisions\/1327"}],"up":[{"embeddable":true,"href":"https:\/\/feuerwehr-eltmann.de\/index.php?rest_route=\/wp\/v2\/pages\/1067"}],"wp:attachment":[{"href":"https:\/\/feuerwehr-eltmann.de\/index.php?rest_route=%2Fwp%2Fv2%2Fmedia&parent=367"}],"curies":[{"name":"wp","href":"https:\/\/api.w.org\/{rel}","templated":true}]}}