{"id":402,"date":"2017-07-31T07:51:49","date_gmt":"2017-07-31T05:51:49","guid":{"rendered":"http:\/\/feuerwehr-eltmann.de\/?page_id=402"},"modified":"2022-11-10T21:01:54","modified_gmt":"2022-11-10T20:01:54","slug":"tlf-1625-tankloeschfahrzeug","status":"publish","type":"page","link":"https:\/\/feuerwehr-eltmann.de\/?page_id=402","title":{"rendered":"TLF 16\/25 &#8211; Tankl\u00f6schfahrzeug"},"content":{"rendered":"<p>Das TLF 16\/25 wird prim\u00e4r im L\u00f6schzug eingesetzt. Die Beladung ist deshalb stark auf die Brandbek\u00e4mpfung ausgelegt. Hierzu z\u00e4hlt vor allem ein formstabiler Schnellangriffsschlauch, Schaumrohre f\u00fcr Leicht-, Mittel- und Schwerschaum, ein ProPak, vier Atemschutzger\u00e4te und Hitzeschutzanz\u00fcge.<\/p>\n<p>Desweiteren ist ein kompletter Rettungssatz, R\u00fcstholz, sowie eine Motorkettens\u00e4ge auf dem Tankl\u00f6schfahrzeug verlastet.<\/p>\n<h2>Technische Daten<\/h2>\n<p>\n<table id=\"tablepress-beladung_tlf\" class=\"tablepress tablepress-id-beladung_tlf\">\n<tbody class=\"row-hover\">\n<tr class=\"row-1\">\n\t<td class=\"column-1\">Fahrgestell<\/td><td class=\"column-2\">Iveco Magirus<\/td>\n<\/tr>\n<tr class=\"row-2\">\n\t<td class=\"column-1\">Aufbau<\/td><td class=\"column-2\">Magirus<\/td>\n<\/tr>\n<tr class=\"row-3\">\n\t<td class=\"column-1\">Leistung<\/td><td class=\"column-2\">168 kW<\/td>\n<\/tr>\n<tr class=\"row-4\">\n\t<td class=\"column-1\">Baujahr<\/td><td class=\"column-2\">10\/1989<\/td>\n<\/tr>\n<tr class=\"row-5\">\n\t<td class=\"column-1\">Besatzung<\/td><td class=\"column-2\">Staffel: 1\/5<\/td>\n<\/tr>\n<tr class=\"row-6\">\n\t<td class=\"column-1\">Tank Wasser<\/td><td class=\"column-2\">2.500 Liter<\/td>\n<\/tr>\n<tr class=\"row-7\">\n\t<td class=\"column-1\">Kanister Schaummittel<\/td><td class=\"column-2\">4x 20 Liter<\/td>\n<\/tr>\n<tr class=\"row-8\">\n\t<td class=\"column-1\">Feuerl\u00f6schkreiselpumpe<\/td><td class=\"column-2\">1.600 Liter\/min<\/td>\n<\/tr>\n<tr class=\"row-9\">\n\t<td class=\"column-1\">Besondere Beladung<\/td><td class=\"column-2\">- Hitzeschutzanz\u00fcge<br \/>\n- Rettungssatz<br \/>\n- R\u00fcstholz<\/td>\n<\/tr>\n<\/tbody>\n<\/table>\n<!-- #tablepress-beladung_tlf from cache --><br \/>\n<div id=\"envira-gallery-wrap-1328\" class=\"envira-gallery-wrap envira-gallery-theme-base envira-lightbox-theme-base\" itemscope itemtype=\"https:\/\/schema.org\/ImageGallery\"><div data-row-height=\"150\" data-gallery-theme=\"normal\" id=\"envira-gallery-1328\" class=\"envira-gallery-public envira-gallery-justified-public envira-gallery-0-columns envira-clear enviratope envira-gallery-css-animations\" data-envira-columns=\"0\"><div id=\"envira-gallery-item-1329\" class=\"envira-gallery-item enviratope-item envira-gallery-item-1 envira-lazy-load\" style=\"padding-left: 5px; padding-bottom: 10px; padding-right: 5px;\"  itemscope itemtype=\"https:\/\/schema.org\/ImageObject\"><div class=\"envira-gallery-item-inner\"><div class=\"envira-gallery-position-overlay  envira-gallery-top-left\"><\/div><div class=\"envira-gallery-position-overlay  envira-gallery-top-right\"><\/div><div class=\"envira-gallery-position-overlay  envira-gallery-bottom-left\"><\/div><div class=\"envira-gallery-position-overlay  envira-gallery-bottom-right\"><\/div><a href=\"https:\/\/feuerwehr-eltmann.de\/wp-content\/uploads\/2017\/08\/mini-IMG_2070-1.jpg\" class=\"envira-gallery-1328 envira-gallery-link\" rel=\"enviragallery1328\" title=\"mini-IMG_2070-1\" data-envira-caption=\"mini-IMG_2070-1\" data-envira-retina=\"\" data-thumbnail=\"\"  itemprop=\"contentUrl\"><img decoding=\"async\" id=\"envira-gallery-image-1329\" class=\"envira-gallery-image envira-gallery-image-1 envira-normal envira-lazy\" data-envira-index=\"1\" src=\"https:\/\/feuerwehr-eltmann.de\/wp-content\/uploads\/2017\/08\/mini-IMG_2070-1-640x480.jpg\" data-envira-src=\"https:\/\/feuerwehr-eltmann.de\/wp-content\/uploads\/2017\/08\/mini-IMG_2070-1-640x480.jpg\" data-envira-gallery-id=\"1328\" data-envira-item-id=\"1329\" data-envira-caption=\"mini-IMG_2070-1\" alt=\"\" title=\"mini-IMG_2070-1\"  itemprop=\"thumbnailUrl\" data-envira-srcset=\"https:\/\/feuerwehr-eltmann.de\/wp-content\/uploads\/2017\/08\/mini-IMG_2070-1-640x480.jpg 400w,https:\/\/feuerwehr-eltmann.de\/wp-content\/uploads\/2017\/08\/mini-IMG_2070-1-640x480.jpg 2x\" data-envira-width=\"300\" data-envira-height=\"195\" srcset=\"data:image\/gif;base64,R0lGODlhAQABAIAAAP\/\/\/\/\/\/\/yH5BAEKAAEALAAAAAABAAEAAAICTAEAOw==\" data-safe-src=\"data:image\/gif;base64,R0lGODlhAQABAIAAAP\/\/\/\/\/\/\/yH5BAEKAAEALAAAAAABAAEAAAICTAEAOw==\" \/><\/a><\/div><\/div><div id=\"envira-gallery-item-1330\" class=\"envira-gallery-item enviratope-item envira-gallery-item-2 envira-lazy-load\" style=\"padding-left: 5px; padding-bottom: 10px; padding-right: 5px;\"  itemscope itemtype=\"https:\/\/schema.org\/ImageObject\"><div class=\"envira-gallery-item-inner\"><div class=\"envira-gallery-position-overlay  envira-gallery-top-left\"><\/div><div class=\"envira-gallery-position-overlay  envira-gallery-top-right\"><\/div><div class=\"envira-gallery-position-overlay  envira-gallery-bottom-left\"><\/div><div class=\"envira-gallery-position-overlay  envira-gallery-bottom-right\"><\/div><a href=\"https:\/\/feuerwehr-eltmann.de\/wp-content\/uploads\/2017\/08\/mini-IMG_2072.jpg\" class=\"envira-gallery-1328 envira-gallery-link\" rel=\"enviragallery1328\" title=\"mini-IMG_2072\" data-envira-caption=\"mini-IMG_2072\" data-envira-retina=\"\" data-thumbnail=\"\"  itemprop=\"contentUrl\"><img decoding=\"async\" id=\"envira-gallery-image-1330\" class=\"envira-gallery-image envira-gallery-image-2 envira-normal envira-lazy\" data-envira-index=\"2\" src=\"https:\/\/feuerwehr-eltmann.de\/wp-content\/uploads\/2017\/08\/mini-IMG_2072-640x480.jpg\" data-envira-src=\"https:\/\/feuerwehr-eltmann.de\/wp-content\/uploads\/2017\/08\/mini-IMG_2072-640x480.jpg\" data-envira-gallery-id=\"1328\" data-envira-item-id=\"1330\" data-envira-caption=\"mini-IMG_2072\" alt=\"\" title=\"mini-IMG_2072\"  itemprop=\"thumbnailUrl\" data-envira-srcset=\"https:\/\/feuerwehr-eltmann.de\/wp-content\/uploads\/2017\/08\/mini-IMG_2072-640x480.jpg 400w,https:\/\/feuerwehr-eltmann.de\/wp-content\/uploads\/2017\/08\/mini-IMG_2072-640x480.jpg 2x\" data-envira-width=\"300\" data-envira-height=\"200\" srcset=\"data:image\/gif;base64,R0lGODlhAQABAIAAAP\/\/\/\/\/\/\/yH5BAEKAAEALAAAAAABAAEAAAICTAEAOw==\" data-safe-src=\"data:image\/gif;base64,R0lGODlhAQABAIAAAP\/\/\/\/\/\/\/yH5BAEKAAEALAAAAAABAAEAAAICTAEAOw==\" \/><\/a><\/div><\/div><div id=\"envira-gallery-item-1331\" class=\"envira-gallery-item enviratope-item envira-gallery-item-3 envira-lazy-load\" style=\"padding-left: 5px; padding-bottom: 10px; padding-right: 5px;\"  itemscope itemtype=\"https:\/\/schema.org\/ImageObject\"><div class=\"envira-gallery-item-inner\"><div class=\"envira-gallery-position-overlay  envira-gallery-top-left\"><\/div><div class=\"envira-gallery-position-overlay  envira-gallery-top-right\"><\/div><div class=\"envira-gallery-position-overlay  envira-gallery-bottom-left\"><\/div><div class=\"envira-gallery-position-overlay  envira-gallery-bottom-right\"><\/div><a href=\"https:\/\/feuerwehr-eltmann.de\/wp-content\/uploads\/2017\/08\/mini-IMG_2074.jpg\" class=\"envira-gallery-1328 envira-gallery-link\" rel=\"enviragallery1328\" title=\"mini-IMG_2074\" data-envira-caption=\"mini-IMG_2074\" data-envira-retina=\"\" data-thumbnail=\"\"  itemprop=\"contentUrl\"><img decoding=\"async\" id=\"envira-gallery-image-1331\" class=\"envira-gallery-image envira-gallery-image-3 envira-normal envira-lazy\" data-envira-index=\"3\" src=\"https:\/\/feuerwehr-eltmann.de\/wp-content\/uploads\/2017\/08\/mini-IMG_2074-640x480.jpg\" data-envira-src=\"https:\/\/feuerwehr-eltmann.de\/wp-content\/uploads\/2017\/08\/mini-IMG_2074-640x480.jpg\" data-envira-gallery-id=\"1328\" data-envira-item-id=\"1331\" data-envira-caption=\"mini-IMG_2074\" alt=\"\" title=\"mini-IMG_2074\"  itemprop=\"thumbnailUrl\" data-envira-srcset=\"https:\/\/feuerwehr-eltmann.de\/wp-content\/uploads\/2017\/08\/mini-IMG_2074-640x480.jpg 400w,https:\/\/feuerwehr-eltmann.de\/wp-content\/uploads\/2017\/08\/mini-IMG_2074-640x480.jpg 2x\" data-envira-width=\"300\" data-envira-height=\"200\" srcset=\"data:image\/gif;base64,R0lGODlhAQABAIAAAP\/\/\/\/\/\/\/yH5BAEKAAEALAAAAAABAAEAAAICTAEAOw==\" data-safe-src=\"data:image\/gif;base64,R0lGODlhAQABAIAAAP\/\/\/\/\/\/\/yH5BAEKAAEALAAAAAABAAEAAAICTAEAOw==\" \/><\/a><\/div><\/div><div id=\"envira-gallery-item-1333\" class=\"envira-gallery-item enviratope-item envira-gallery-item-4 envira-lazy-load\" style=\"padding-left: 5px; padding-bottom: 10px; padding-right: 5px;\"  itemscope itemtype=\"https:\/\/schema.org\/ImageObject\"><div class=\"envira-gallery-item-inner\"><div class=\"envira-gallery-position-overlay  envira-gallery-top-left\"><\/div><div class=\"envira-gallery-position-overlay  envira-gallery-top-right\"><\/div><div class=\"envira-gallery-position-overlay  envira-gallery-bottom-left\"><\/div><div class=\"envira-gallery-position-overlay  envira-gallery-bottom-right\"><\/div><a href=\"https:\/\/feuerwehr-eltmann.de\/wp-content\/uploads\/2017\/08\/mini-IMG_2076.jpg\" class=\"envira-gallery-1328 envira-gallery-link\" rel=\"enviragallery1328\" title=\"mini-IMG_2076\" data-envira-caption=\"mini-IMG_2076\" data-envira-retina=\"\" data-thumbnail=\"\"  itemprop=\"contentUrl\"><img decoding=\"async\" id=\"envira-gallery-image-1333\" class=\"envira-gallery-image envira-gallery-image-4 envira-normal envira-lazy\" data-envira-index=\"4\" src=\"https:\/\/feuerwehr-eltmann.de\/wp-content\/uploads\/2017\/08\/mini-IMG_2076-640x480.jpg\" data-envira-src=\"https:\/\/feuerwehr-eltmann.de\/wp-content\/uploads\/2017\/08\/mini-IMG_2076-640x480.jpg\" data-envira-gallery-id=\"1328\" data-envira-item-id=\"1333\" data-envira-caption=\"mini-IMG_2076\" alt=\"\" title=\"mini-IMG_2076\"  itemprop=\"thumbnailUrl\" data-envira-srcset=\"https:\/\/feuerwehr-eltmann.de\/wp-content\/uploads\/2017\/08\/mini-IMG_2076-640x480.jpg 400w,https:\/\/feuerwehr-eltmann.de\/wp-content\/uploads\/2017\/08\/mini-IMG_2076-640x480.jpg 2x\" data-envira-width=\"300\" data-envira-height=\"200\" srcset=\"data:image\/gif;base64,R0lGODlhAQABAIAAAP\/\/\/\/\/\/\/yH5BAEKAAEALAAAAAABAAEAAAICTAEAOw==\" data-safe-src=\"data:image\/gif;base64,R0lGODlhAQABAIAAAP\/\/\/\/\/\/\/yH5BAEKAAEALAAAAAABAAEAAAICTAEAOw==\" \/><\/a><\/div><\/div><div id=\"envira-gallery-item-1334\" class=\"envira-gallery-item enviratope-item envira-gallery-item-5 envira-lazy-load\" style=\"padding-left: 5px; padding-bottom: 10px; padding-right: 5px;\"  itemscope itemtype=\"https:\/\/schema.org\/ImageObject\"><div class=\"envira-gallery-item-inner\"><div class=\"envira-gallery-position-overlay  envira-gallery-top-left\"><\/div><div class=\"envira-gallery-position-overlay  envira-gallery-top-right\"><\/div><div class=\"envira-gallery-position-overlay  envira-gallery-bottom-left\"><\/div><div class=\"envira-gallery-position-overlay  envira-gallery-bottom-right\"><\/div><a href=\"https:\/\/feuerwehr-eltmann.de\/wp-content\/uploads\/2017\/08\/mini-IMG_2077.jpg\" class=\"envira-gallery-1328 envira-gallery-link\" rel=\"enviragallery1328\" title=\"mini-IMG_2077\" data-envira-caption=\"mini-IMG_2077\" data-envira-retina=\"\" data-thumbnail=\"\"  itemprop=\"contentUrl\"><img decoding=\"async\" id=\"envira-gallery-image-1334\" class=\"envira-gallery-image envira-gallery-image-5 envira-normal envira-lazy\" data-envira-index=\"5\" src=\"https:\/\/feuerwehr-eltmann.de\/wp-content\/uploads\/2017\/08\/mini-IMG_2077-640x480.jpg\" data-envira-src=\"https:\/\/feuerwehr-eltmann.de\/wp-content\/uploads\/2017\/08\/mini-IMG_2077-640x480.jpg\" data-envira-gallery-id=\"1328\" data-envira-item-id=\"1334\" data-envira-caption=\"mini-IMG_2077\" alt=\"\" title=\"mini-IMG_2077\"  itemprop=\"thumbnailUrl\" data-envira-srcset=\"https:\/\/feuerwehr-eltmann.de\/wp-content\/uploads\/2017\/08\/mini-IMG_2077-640x480.jpg 400w,https:\/\/feuerwehr-eltmann.de\/wp-content\/uploads\/2017\/08\/mini-IMG_2077-640x480.jpg 2x\" data-envira-width=\"300\" data-envira-height=\"200\" srcset=\"data:image\/gif;base64,R0lGODlhAQABAIAAAP\/\/\/\/\/\/\/yH5BAEKAAEALAAAAAABAAEAAAICTAEAOw==\" data-safe-src=\"data:image\/gif;base64,R0lGODlhAQABAIAAAP\/\/\/\/\/\/\/yH5BAEKAAEALAAAAAABAAEAAAICTAEAOw==\" \/><\/a><\/div><\/div><div id=\"envira-gallery-item-1335\" class=\"envira-gallery-item enviratope-item envira-gallery-item-6 envira-lazy-load\" style=\"padding-left: 5px; padding-bottom: 10px; padding-right: 5px;\"  itemscope itemtype=\"https:\/\/schema.org\/ImageObject\"><div class=\"envira-gallery-item-inner\"><div class=\"envira-gallery-position-overlay  envira-gallery-top-left\"><\/div><div class=\"envira-gallery-position-overlay  envira-gallery-top-right\"><\/div><div class=\"envira-gallery-position-overlay  envira-gallery-bottom-left\"><\/div><div class=\"envira-gallery-position-overlay  envira-gallery-bottom-right\"><\/div><a href=\"https:\/\/feuerwehr-eltmann.de\/wp-content\/uploads\/2017\/08\/mini-IMG_2078.jpg\" class=\"envira-gallery-1328 envira-gallery-link\" rel=\"enviragallery1328\" title=\"mini-IMG_2078\" data-envira-caption=\"mini-IMG_2078\" data-envira-retina=\"\" data-thumbnail=\"\"  itemprop=\"contentUrl\"><img decoding=\"async\" id=\"envira-gallery-image-1335\" class=\"envira-gallery-image envira-gallery-image-6 envira-normal envira-lazy\" data-envira-index=\"6\" src=\"https:\/\/feuerwehr-eltmann.de\/wp-content\/uploads\/2017\/08\/mini-IMG_2078-640x480.jpg\" data-envira-src=\"https:\/\/feuerwehr-eltmann.de\/wp-content\/uploads\/2017\/08\/mini-IMG_2078-640x480.jpg\" data-envira-gallery-id=\"1328\" data-envira-item-id=\"1335\" data-envira-caption=\"mini-IMG_2078\" alt=\"\" title=\"mini-IMG_2078\"  itemprop=\"thumbnailUrl\" data-envira-srcset=\"https:\/\/feuerwehr-eltmann.de\/wp-content\/uploads\/2017\/08\/mini-IMG_2078-640x480.jpg 400w,https:\/\/feuerwehr-eltmann.de\/wp-content\/uploads\/2017\/08\/mini-IMG_2078-640x480.jpg 2x\" data-envira-width=\"300\" data-envira-height=\"200\" srcset=\"data:image\/gif;base64,R0lGODlhAQABAIAAAP\/\/\/\/\/\/\/yH5BAEKAAEALAAAAAABAAEAAAICTAEAOw==\" data-safe-src=\"data:image\/gif;base64,R0lGODlhAQABAIAAAP\/\/\/\/\/\/\/yH5BAEKAAEALAAAAAABAAEAAAICTAEAOw==\" \/><\/a><\/div><\/div><div id=\"envira-gallery-item-1332\" class=\"envira-gallery-item enviratope-item envira-gallery-item-7 envira-lazy-load\" style=\"padding-left: 5px; padding-bottom: 10px; padding-right: 5px;\"  itemscope itemtype=\"https:\/\/schema.org\/ImageObject\"><div class=\"envira-gallery-item-inner\"><div class=\"envira-gallery-position-overlay  envira-gallery-top-left\"><\/div><div class=\"envira-gallery-position-overlay  envira-gallery-top-right\"><\/div><div class=\"envira-gallery-position-overlay  envira-gallery-bottom-left\"><\/div><div class=\"envira-gallery-position-overlay  envira-gallery-bottom-right\"><\/div><a href=\"https:\/\/feuerwehr-eltmann.de\/wp-content\/uploads\/2017\/08\/mini-IMG_2075.jpg\" class=\"envira-gallery-1328 envira-gallery-link\" rel=\"enviragallery1328\" title=\"mini-IMG_2075\" data-envira-caption=\"mini-IMG_2075\" data-envira-retina=\"\" data-thumbnail=\"\"  itemprop=\"contentUrl\"><img decoding=\"async\" id=\"envira-gallery-image-1332\" class=\"envira-gallery-image envira-gallery-image-7 envira-normal envira-lazy\" data-envira-index=\"7\" src=\"https:\/\/feuerwehr-eltmann.de\/wp-content\/uploads\/2017\/08\/mini-IMG_2075-640x480.jpg\" data-envira-src=\"https:\/\/feuerwehr-eltmann.de\/wp-content\/uploads\/2017\/08\/mini-IMG_2075-640x480.jpg\" data-envira-gallery-id=\"1328\" data-envira-item-id=\"1332\" data-envira-caption=\"mini-IMG_2075\" alt=\"\" title=\"mini-IMG_2075\"  itemprop=\"thumbnailUrl\" data-envira-srcset=\"https:\/\/feuerwehr-eltmann.de\/wp-content\/uploads\/2017\/08\/mini-IMG_2075-640x480.jpg 400w,https:\/\/feuerwehr-eltmann.de\/wp-content\/uploads\/2017\/08\/mini-IMG_2075-640x480.jpg 2x\" data-envira-width=\"300\" data-envira-height=\"200\" srcset=\"data:image\/gif;base64,R0lGODlhAQABAIAAAP\/\/\/\/\/\/\/yH5BAEKAAEALAAAAAABAAEAAAICTAEAOw==\" data-safe-src=\"data:image\/gif;base64,R0lGODlhAQABAIAAAP\/\/\/\/\/\/\/yH5BAEKAAEALAAAAAABAAEAAAICTAEAOw==\" \/><\/a><\/div><\/div><\/div><\/div><noscript><img decoding=\"async\" src=\"https:\/\/feuerwehr-eltmann.de\/wp-content\/uploads\/2017\/08\/mini-IMG_2070-1.jpg\" alt=\"\" \/><img decoding=\"async\" src=\"https:\/\/feuerwehr-eltmann.de\/wp-content\/uploads\/2017\/08\/mini-IMG_2072.jpg\" alt=\"\" \/><img decoding=\"async\" src=\"https:\/\/feuerwehr-eltmann.de\/wp-content\/uploads\/2017\/08\/mini-IMG_2074.jpg\" alt=\"\" \/><img decoding=\"async\" src=\"https:\/\/feuerwehr-eltmann.de\/wp-content\/uploads\/2017\/08\/mini-IMG_2076.jpg\" alt=\"\" \/><img decoding=\"async\" src=\"https:\/\/feuerwehr-eltmann.de\/wp-content\/uploads\/2017\/08\/mini-IMG_2077.jpg\" alt=\"\" \/><img decoding=\"async\" src=\"https:\/\/feuerwehr-eltmann.de\/wp-content\/uploads\/2017\/08\/mini-IMG_2078.jpg\" alt=\"\" \/><img decoding=\"async\" src=\"https:\/\/feuerwehr-eltmann.de\/wp-content\/uploads\/2017\/08\/mini-IMG_2075.jpg\" alt=\"\" \/><\/noscript><\/p>\n","protected":false},"excerpt":{"rendered":"<p>Das TLF 16\/25 wird prim\u00e4r im L\u00f6schzug eingesetzt. Die Beladung ist deshalb stark auf die Brandbek\u00e4mpfung ausgelegt. Hierzu z\u00e4hlt vor allem ein formstabiler Schnellangriffsschlauch, Schaumrohre f\u00fcr Leicht-, Mittel- und Schwerschaum, ein ProPak, vier Atemschutzger\u00e4te und Hitzeschutzanz\u00fcge. Desweiteren ist ein kompletter &hellip; <a href=\"https:\/\/feuerwehr-eltmann.de\/?page_id=402\">Weiterlesen <span class=\"meta-nav\">&rarr;<\/span><\/a><\/p>\n","protected":false},"author":2,"featured_media":0,"parent":2275,"menu_order":0,"comment_status":"closed","ping_status":"closed","template":"","meta":{"_mc_calendar":[],"footnotes":""},"class_list":["post-402","page","type-page","status-publish","hentry"],"_links":{"self":[{"href":"https:\/\/feuerwehr-eltmann.de\/index.php?rest_route=\/wp\/v2\/pages\/402","targetHints":{"allow":["GET"]}}],"collection":[{"href":"https:\/\/feuerwehr-eltmann.de\/index.php?rest_route=\/wp\/v2\/pages"}],"about":[{"href":"https:\/\/feuerwehr-eltmann.de\/index.php?rest_route=\/wp\/v2\/types\/page"}],"author":[{"embeddable":true,"href":"https:\/\/feuerwehr-eltmann.de\/index.php?rest_route=\/wp\/v2\/users\/2"}],"replies":[{"embeddable":true,"href":"https:\/\/feuerwehr-eltmann.de\/index.php?rest_route=%2Fwp%2Fv2%2Fcomments&post=402"}],"version-history":[{"count":7,"href":"https:\/\/feuerwehr-eltmann.de\/index.php?rest_route=\/wp\/v2\/pages\/402\/revisions"}],"predecessor-version":[{"id":4104,"href":"https:\/\/feuerwehr-eltmann.de\/index.php?rest_route=\/wp\/v2\/pages\/402\/revisions\/4104"}],"up":[{"embeddable":true,"href":"https:\/\/feuerwehr-eltmann.de\/index.php?rest_route=\/wp\/v2\/pages\/2275"}],"wp:attachment":[{"href":"https:\/\/feuerwehr-eltmann.de\/index.php?rest_route=%2Fwp%2Fv2%2Fmedia&parent=402"}],"curies":[{"name":"wp","href":"https:\/\/api.w.org\/{rel}","templated":true}]}}