{"id":407,"date":"2017-07-31T07:52:37","date_gmt":"2017-07-31T05:52:37","guid":{"rendered":"http:\/\/feuerwehr-eltmann.de\/?page_id=407"},"modified":"2018-08-07T15:01:25","modified_gmt":"2018-08-07T13:01:25","slug":"rw-1-ruestwagen","status":"publish","type":"page","link":"https:\/\/feuerwehr-eltmann.de\/?page_id=407","title":{"rendered":"RW 1 &#8211; R\u00fcstwagen"},"content":{"rendered":"<p>Der R\u00fcstwagen war von 1987 bis Juli 2018 im Einsatz der Feuerwehr Eltmann. Er kam vorzugsweise im R\u00fcstzug zum Einsatz und diente ausschlie\u00dflich der technischen Hilfeleistung. Die Ausr\u00fcstung reichte von Rettungssatz mit Rettungszylinder \u00fcber einen Hebebaum bishin zum Schneidbrenner.<\/p>\n<p>Bei &#8222;Wasser-Unf\u00e4llen&#8220; diente der R\u00fcstwagen zus\u00e4tzlich dem Transport des Schlauchbootes.<\/p>\n<p>Die Beschaffung eines L\u00f6schgruppenfahrzeugs mit THL-Komponente \u00fcbernimmt einen Teil der Ausr\u00fcstung und ersetzt somit das Fahrzeug.<\/p>\n<h2>Technische Daten<\/h2>\n<p>\n<table id=\"tablepress-beladung_rw\" class=\"tablepress tablepress-id-beladung_rw\">\n<tbody class=\"row-hover\">\n<tr class=\"row-1\">\n\t<td class=\"column-1\">Fahrgestell<\/td><td class=\"column-2\">Daimler-Benz<\/td>\n<\/tr>\n<tr class=\"row-2\">\n\t<td class=\"column-1\">Leistung<\/td><td class=\"column-2\">96 kW<\/td>\n<\/tr>\n<tr class=\"row-3\">\n\t<td class=\"column-1\">Baujahr<\/td><td class=\"column-2\">07\/1987<\/td>\n<\/tr>\n<tr class=\"row-4\">\n\t<td class=\"column-1\">Besatzung<\/td><td class=\"column-2\">Trupp: 1\/2<\/td>\n<\/tr>\n<tr class=\"row-5\">\n\t<td class=\"column-1\">Seilwinde<\/td><td class=\"column-2\">50 kN<\/td>\n<\/tr>\n<tr class=\"row-6\">\n\t<td class=\"column-1\">Besondere Beladung<\/td><td class=\"column-2\">- Schlauchboot<br \/>\n- Eisrettungsschlitten<\/td>\n<\/tr>\n<\/tbody>\n<\/table>\n<!-- #tablepress-beladung_rw from cache --><br \/>\n<div id=\"envira-gallery-wrap-1346\" class=\"envira-gallery-wrap envira-gallery-theme-base envira-lightbox-theme-base\" itemscope itemtype=\"https:\/\/schema.org\/ImageGallery\"><div data-row-height=\"150\" data-gallery-theme=\"normal\" id=\"envira-gallery-1346\" class=\"envira-gallery-public envira-gallery-justified-public envira-gallery-0-columns envira-clear enviratope envira-gallery-css-animations\" data-envira-columns=\"0\"><div id=\"envira-gallery-item-1347\" class=\"envira-gallery-item enviratope-item envira-gallery-item-1 envira-lazy-load\" style=\"padding-left: 5px; padding-bottom: 10px; padding-right: 5px;\"  itemscope itemtype=\"https:\/\/schema.org\/ImageObject\"><div class=\"envira-gallery-item-inner\"><div class=\"envira-gallery-position-overlay  envira-gallery-top-left\"><\/div><div class=\"envira-gallery-position-overlay  envira-gallery-top-right\"><\/div><div class=\"envira-gallery-position-overlay  envira-gallery-bottom-left\"><\/div><div class=\"envira-gallery-position-overlay  envira-gallery-bottom-right\"><\/div><a href=\"https:\/\/feuerwehr-eltmann.de\/wp-content\/uploads\/2017\/08\/mini-IMG_2087.jpg\" class=\"envira-gallery-1346 envira-gallery-link\" rel=\"enviragallery1346\" title=\"mini-IMG_2087\" data-envira-caption=\"mini-IMG_2087\" data-envira-retina=\"\" data-thumbnail=\"\"  itemprop=\"contentUrl\"><img decoding=\"async\" id=\"envira-gallery-image-1347\" class=\"envira-gallery-image envira-gallery-image-1 envira-normal envira-lazy\" data-envira-index=\"1\" src=\"https:\/\/feuerwehr-eltmann.de\/wp-content\/uploads\/2017\/08\/mini-IMG_2087-640x480.jpg\" data-envira-src=\"https:\/\/feuerwehr-eltmann.de\/wp-content\/uploads\/2017\/08\/mini-IMG_2087-640x480.jpg\" data-envira-gallery-id=\"1346\" data-envira-item-id=\"1347\" data-envira-caption=\"mini-IMG_2087\" alt=\"\" title=\"mini-IMG_2087\"  itemprop=\"thumbnailUrl\" data-envira-srcset=\"https:\/\/feuerwehr-eltmann.de\/wp-content\/uploads\/2017\/08\/mini-IMG_2087-640x480.jpg 400w,https:\/\/feuerwehr-eltmann.de\/wp-content\/uploads\/2017\/08\/mini-IMG_2087-640x480.jpg 2x\" data-envira-width=\"300\" data-envira-height=\"200\" srcset=\"data:image\/gif;base64,R0lGODlhAQABAIAAAP\/\/\/\/\/\/\/yH5BAEKAAEALAAAAAABAAEAAAICTAEAOw==\" data-safe-src=\"data:image\/gif;base64,R0lGODlhAQABAIAAAP\/\/\/\/\/\/\/yH5BAEKAAEALAAAAAABAAEAAAICTAEAOw==\" \/><\/a><\/div><\/div><div id=\"envira-gallery-item-1349\" class=\"envira-gallery-item enviratope-item envira-gallery-item-2 envira-lazy-load\" style=\"padding-left: 5px; padding-bottom: 10px; padding-right: 5px;\"  itemscope itemtype=\"https:\/\/schema.org\/ImageObject\"><div class=\"envira-gallery-item-inner\"><div class=\"envira-gallery-position-overlay  envira-gallery-top-left\"><\/div><div class=\"envira-gallery-position-overlay  envira-gallery-top-right\"><\/div><div class=\"envira-gallery-position-overlay  envira-gallery-bottom-left\"><\/div><div class=\"envira-gallery-position-overlay  envira-gallery-bottom-right\"><\/div><a href=\"https:\/\/feuerwehr-eltmann.de\/wp-content\/uploads\/2017\/08\/mini-IMG_2089.jpg\" class=\"envira-gallery-1346 envira-gallery-link\" rel=\"enviragallery1346\" title=\"mini-IMG_2089\" data-envira-caption=\"mini-IMG_2089\" data-envira-retina=\"\" data-thumbnail=\"\"  itemprop=\"contentUrl\"><img decoding=\"async\" id=\"envira-gallery-image-1349\" class=\"envira-gallery-image envira-gallery-image-2 envira-normal envira-lazy\" data-envira-index=\"2\" src=\"https:\/\/feuerwehr-eltmann.de\/wp-content\/uploads\/2017\/08\/mini-IMG_2089-640x480.jpg\" data-envira-src=\"https:\/\/feuerwehr-eltmann.de\/wp-content\/uploads\/2017\/08\/mini-IMG_2089-640x480.jpg\" data-envira-gallery-id=\"1346\" data-envira-item-id=\"1349\" data-envira-caption=\"mini-IMG_2089\" alt=\"\" title=\"mini-IMG_2089\"  itemprop=\"thumbnailUrl\" data-envira-srcset=\"https:\/\/feuerwehr-eltmann.de\/wp-content\/uploads\/2017\/08\/mini-IMG_2089-640x480.jpg 400w,https:\/\/feuerwehr-eltmann.de\/wp-content\/uploads\/2017\/08\/mini-IMG_2089-640x480.jpg 2x\" data-envira-width=\"300\" data-envira-height=\"200\" srcset=\"data:image\/gif;base64,R0lGODlhAQABAIAAAP\/\/\/\/\/\/\/yH5BAEKAAEALAAAAAABAAEAAAICTAEAOw==\" data-safe-src=\"data:image\/gif;base64,R0lGODlhAQABAIAAAP\/\/\/\/\/\/\/yH5BAEKAAEALAAAAAABAAEAAAICTAEAOw==\" \/><\/a><\/div><\/div><div id=\"envira-gallery-item-1348\" class=\"envira-gallery-item enviratope-item envira-gallery-item-3 envira-lazy-load\" style=\"padding-left: 5px; padding-bottom: 10px; padding-right: 5px;\"  itemscope itemtype=\"https:\/\/schema.org\/ImageObject\"><div class=\"envira-gallery-item-inner\"><div class=\"envira-gallery-position-overlay  envira-gallery-top-left\"><\/div><div class=\"envira-gallery-position-overlay  envira-gallery-top-right\"><\/div><div class=\"envira-gallery-position-overlay  envira-gallery-bottom-left\"><\/div><div class=\"envira-gallery-position-overlay  envira-gallery-bottom-right\"><\/div><a href=\"https:\/\/feuerwehr-eltmann.de\/wp-content\/uploads\/2017\/08\/mini-IMG_2088.jpg\" class=\"envira-gallery-1346 envira-gallery-link\" rel=\"enviragallery1346\" title=\"mini-IMG_2088\" data-envira-caption=\"mini-IMG_2088\" data-envira-retina=\"\" data-thumbnail=\"\"  itemprop=\"contentUrl\"><img decoding=\"async\" id=\"envira-gallery-image-1348\" class=\"envira-gallery-image envira-gallery-image-3 envira-normal envira-lazy\" data-envira-index=\"3\" src=\"https:\/\/feuerwehr-eltmann.de\/wp-content\/uploads\/2017\/08\/mini-IMG_2088-640x480.jpg\" data-envira-src=\"https:\/\/feuerwehr-eltmann.de\/wp-content\/uploads\/2017\/08\/mini-IMG_2088-640x480.jpg\" data-envira-gallery-id=\"1346\" data-envira-item-id=\"1348\" data-envira-caption=\"mini-IMG_2088\" alt=\"\" title=\"mini-IMG_2088\"  itemprop=\"thumbnailUrl\" data-envira-srcset=\"https:\/\/feuerwehr-eltmann.de\/wp-content\/uploads\/2017\/08\/mini-IMG_2088-640x480.jpg 400w,https:\/\/feuerwehr-eltmann.de\/wp-content\/uploads\/2017\/08\/mini-IMG_2088-640x480.jpg 2x\" data-envira-width=\"300\" data-envira-height=\"200\" srcset=\"data:image\/gif;base64,R0lGODlhAQABAIAAAP\/\/\/\/\/\/\/yH5BAEKAAEALAAAAAABAAEAAAICTAEAOw==\" data-safe-src=\"data:image\/gif;base64,R0lGODlhAQABAIAAAP\/\/\/\/\/\/\/yH5BAEKAAEALAAAAAABAAEAAAICTAEAOw==\" \/><\/a><\/div><\/div><div id=\"envira-gallery-item-1350\" class=\"envira-gallery-item enviratope-item envira-gallery-item-4 envira-lazy-load\" style=\"padding-left: 5px; padding-bottom: 10px; padding-right: 5px;\"  itemscope itemtype=\"https:\/\/schema.org\/ImageObject\"><div class=\"envira-gallery-item-inner\"><div class=\"envira-gallery-position-overlay  envira-gallery-top-left\"><\/div><div class=\"envira-gallery-position-overlay  envira-gallery-top-right\"><\/div><div class=\"envira-gallery-position-overlay  envira-gallery-bottom-left\"><\/div><div class=\"envira-gallery-position-overlay  envira-gallery-bottom-right\"><\/div><a href=\"https:\/\/feuerwehr-eltmann.de\/wp-content\/uploads\/2017\/08\/mini-IMG_2090.jpg\" class=\"envira-gallery-1346 envira-gallery-link\" rel=\"enviragallery1346\" title=\"mini-IMG_2090\" data-envira-caption=\"mini-IMG_2090\" data-envira-retina=\"\" data-thumbnail=\"\"  itemprop=\"contentUrl\"><img decoding=\"async\" id=\"envira-gallery-image-1350\" class=\"envira-gallery-image envira-gallery-image-4 envira-normal envira-lazy\" data-envira-index=\"4\" src=\"https:\/\/feuerwehr-eltmann.de\/wp-content\/uploads\/2017\/08\/mini-IMG_2090-640x480.jpg\" data-envira-src=\"https:\/\/feuerwehr-eltmann.de\/wp-content\/uploads\/2017\/08\/mini-IMG_2090-640x480.jpg\" data-envira-gallery-id=\"1346\" data-envira-item-id=\"1350\" data-envira-caption=\"mini-IMG_2090\" alt=\"\" title=\"mini-IMG_2090\"  itemprop=\"thumbnailUrl\" data-envira-srcset=\"https:\/\/feuerwehr-eltmann.de\/wp-content\/uploads\/2017\/08\/mini-IMG_2090-640x480.jpg 400w,https:\/\/feuerwehr-eltmann.de\/wp-content\/uploads\/2017\/08\/mini-IMG_2090-640x480.jpg 2x\" data-envira-width=\"300\" data-envira-height=\"200\" srcset=\"data:image\/gif;base64,R0lGODlhAQABAIAAAP\/\/\/\/\/\/\/yH5BAEKAAEALAAAAAABAAEAAAICTAEAOw==\" data-safe-src=\"data:image\/gif;base64,R0lGODlhAQABAIAAAP\/\/\/\/\/\/\/yH5BAEKAAEALAAAAAABAAEAAAICTAEAOw==\" \/><\/a><\/div><\/div><div id=\"envira-gallery-item-1351\" class=\"envira-gallery-item enviratope-item envira-gallery-item-5 envira-lazy-load\" style=\"padding-left: 5px; padding-bottom: 10px; padding-right: 5px;\"  itemscope itemtype=\"https:\/\/schema.org\/ImageObject\"><div class=\"envira-gallery-item-inner\"><div class=\"envira-gallery-position-overlay  envira-gallery-top-left\"><\/div><div class=\"envira-gallery-position-overlay  envira-gallery-top-right\"><\/div><div class=\"envira-gallery-position-overlay  envira-gallery-bottom-left\"><\/div><div class=\"envira-gallery-position-overlay  envira-gallery-bottom-right\"><\/div><a href=\"https:\/\/feuerwehr-eltmann.de\/wp-content\/uploads\/2017\/08\/mini-IMG_2091.jpg\" class=\"envira-gallery-1346 envira-gallery-link\" rel=\"enviragallery1346\" title=\"mini-IMG_2091\" data-envira-caption=\"mini-IMG_2091\" data-envira-retina=\"\" data-thumbnail=\"\"  itemprop=\"contentUrl\"><img decoding=\"async\" id=\"envira-gallery-image-1351\" class=\"envira-gallery-image envira-gallery-image-5 envira-normal envira-lazy\" data-envira-index=\"5\" src=\"https:\/\/feuerwehr-eltmann.de\/wp-content\/uploads\/2017\/08\/mini-IMG_2091-640x480.jpg\" data-envira-src=\"https:\/\/feuerwehr-eltmann.de\/wp-content\/uploads\/2017\/08\/mini-IMG_2091-640x480.jpg\" data-envira-gallery-id=\"1346\" data-envira-item-id=\"1351\" data-envira-caption=\"mini-IMG_2091\" alt=\"\" title=\"mini-IMG_2091\"  itemprop=\"thumbnailUrl\" data-envira-srcset=\"https:\/\/feuerwehr-eltmann.de\/wp-content\/uploads\/2017\/08\/mini-IMG_2091-640x480.jpg 400w,https:\/\/feuerwehr-eltmann.de\/wp-content\/uploads\/2017\/08\/mini-IMG_2091-640x480.jpg 2x\" data-envira-width=\"300\" data-envira-height=\"200\" srcset=\"data:image\/gif;base64,R0lGODlhAQABAIAAAP\/\/\/\/\/\/\/yH5BAEKAAEALAAAAAABAAEAAAICTAEAOw==\" data-safe-src=\"data:image\/gif;base64,R0lGODlhAQABAIAAAP\/\/\/\/\/\/\/yH5BAEKAAEALAAAAAABAAEAAAICTAEAOw==\" \/><\/a><\/div><\/div><div id=\"envira-gallery-item-1353\" class=\"envira-gallery-item enviratope-item envira-gallery-item-6 envira-lazy-load\" style=\"padding-left: 5px; padding-bottom: 10px; padding-right: 5px;\"  itemscope itemtype=\"https:\/\/schema.org\/ImageObject\"><div class=\"envira-gallery-item-inner\"><div class=\"envira-gallery-position-overlay  envira-gallery-top-left\"><\/div><div class=\"envira-gallery-position-overlay  envira-gallery-top-right\"><\/div><div class=\"envira-gallery-position-overlay  envira-gallery-bottom-left\"><\/div><div class=\"envira-gallery-position-overlay  envira-gallery-bottom-right\"><\/div><a href=\"https:\/\/feuerwehr-eltmann.de\/wp-content\/uploads\/2017\/08\/mini-IMG_2093.jpg\" class=\"envira-gallery-1346 envira-gallery-link\" rel=\"enviragallery1346\" title=\"mini-IMG_2093\" data-envira-caption=\"mini-IMG_2093\" data-envira-retina=\"\" data-thumbnail=\"\"  itemprop=\"contentUrl\"><img decoding=\"async\" id=\"envira-gallery-image-1353\" class=\"envira-gallery-image envira-gallery-image-6 envira-normal envira-lazy\" data-envira-index=\"6\" src=\"https:\/\/feuerwehr-eltmann.de\/wp-content\/uploads\/2017\/08\/mini-IMG_2093-640x480.jpg\" data-envira-src=\"https:\/\/feuerwehr-eltmann.de\/wp-content\/uploads\/2017\/08\/mini-IMG_2093-640x480.jpg\" data-envira-gallery-id=\"1346\" data-envira-item-id=\"1353\" data-envira-caption=\"mini-IMG_2093\" alt=\"\" title=\"mini-IMG_2093\"  itemprop=\"thumbnailUrl\" data-envira-srcset=\"https:\/\/feuerwehr-eltmann.de\/wp-content\/uploads\/2017\/08\/mini-IMG_2093-640x480.jpg 400w,https:\/\/feuerwehr-eltmann.de\/wp-content\/uploads\/2017\/08\/mini-IMG_2093-640x480.jpg 2x\" data-envira-width=\"300\" data-envira-height=\"200\" srcset=\"data:image\/gif;base64,R0lGODlhAQABAIAAAP\/\/\/\/\/\/\/yH5BAEKAAEALAAAAAABAAEAAAICTAEAOw==\" data-safe-src=\"data:image\/gif;base64,R0lGODlhAQABAIAAAP\/\/\/\/\/\/\/yH5BAEKAAEALAAAAAABAAEAAAICTAEAOw==\" \/><\/a><\/div><\/div><div id=\"envira-gallery-item-1354\" class=\"envira-gallery-item enviratope-item envira-gallery-item-7 envira-lazy-load\" style=\"padding-left: 5px; padding-bottom: 10px; padding-right: 5px;\"  itemscope itemtype=\"https:\/\/schema.org\/ImageObject\"><div class=\"envira-gallery-item-inner\"><div class=\"envira-gallery-position-overlay  envira-gallery-top-left\"><\/div><div class=\"envira-gallery-position-overlay  envira-gallery-top-right\"><\/div><div class=\"envira-gallery-position-overlay  envira-gallery-bottom-left\"><\/div><div class=\"envira-gallery-position-overlay  envira-gallery-bottom-right\"><\/div><a href=\"https:\/\/feuerwehr-eltmann.de\/wp-content\/uploads\/2017\/08\/mini-IMG_2094.jpg\" class=\"envira-gallery-1346 envira-gallery-link\" rel=\"enviragallery1346\" title=\"mini-IMG_2094\" data-envira-caption=\"mini-IMG_2094\" data-envira-retina=\"\" data-thumbnail=\"\"  itemprop=\"contentUrl\"><img decoding=\"async\" id=\"envira-gallery-image-1354\" class=\"envira-gallery-image envira-gallery-image-7 envira-normal envira-lazy\" data-envira-index=\"7\" src=\"https:\/\/feuerwehr-eltmann.de\/wp-content\/uploads\/2017\/08\/mini-IMG_2094-640x480.jpg\" data-envira-src=\"https:\/\/feuerwehr-eltmann.de\/wp-content\/uploads\/2017\/08\/mini-IMG_2094-640x480.jpg\" data-envira-gallery-id=\"1346\" data-envira-item-id=\"1354\" data-envira-caption=\"mini-IMG_2094\" alt=\"\" title=\"mini-IMG_2094\"  itemprop=\"thumbnailUrl\" data-envira-srcset=\"https:\/\/feuerwehr-eltmann.de\/wp-content\/uploads\/2017\/08\/mini-IMG_2094-640x480.jpg 400w,https:\/\/feuerwehr-eltmann.de\/wp-content\/uploads\/2017\/08\/mini-IMG_2094-640x480.jpg 2x\" data-envira-width=\"300\" data-envira-height=\"200\" srcset=\"data:image\/gif;base64,R0lGODlhAQABAIAAAP\/\/\/\/\/\/\/yH5BAEKAAEALAAAAAABAAEAAAICTAEAOw==\" data-safe-src=\"data:image\/gif;base64,R0lGODlhAQABAIAAAP\/\/\/\/\/\/\/yH5BAEKAAEALAAAAAABAAEAAAICTAEAOw==\" \/><\/a><\/div><\/div><div id=\"envira-gallery-item-1352\" class=\"envira-gallery-item enviratope-item envira-gallery-item-8 envira-lazy-load\" style=\"padding-left: 5px; padding-bottom: 10px; padding-right: 5px;\"  itemscope itemtype=\"https:\/\/schema.org\/ImageObject\"><div class=\"envira-gallery-item-inner\"><div class=\"envira-gallery-position-overlay  envira-gallery-top-left\"><\/div><div class=\"envira-gallery-position-overlay  envira-gallery-top-right\"><\/div><div class=\"envira-gallery-position-overlay  envira-gallery-bottom-left\"><\/div><div class=\"envira-gallery-position-overlay  envira-gallery-bottom-right\"><\/div><img decoding=\"async\" id=\"envira-gallery-image-1352\" class=\"envira-gallery-image envira-gallery-image-8 envira-normal envira-lazy\" data-envira-index=\"8\" src=\"https:\/\/feuerwehr-eltmann.de\/wp-content\/uploads\/2017\/08\/mini-IMG_2092-640x480.jpg\" data-envira-src=\"https:\/\/feuerwehr-eltmann.de\/wp-content\/uploads\/2017\/08\/mini-IMG_2092-640x480.jpg\" data-envira-gallery-id=\"1346\" data-envira-item-id=\"1352\" data-envira-caption=\"\" alt=\"\" title=\"\"  itemprop=\"thumbnailUrl\" data-envira-srcset=\"https:\/\/feuerwehr-eltmann.de\/wp-content\/uploads\/2017\/08\/mini-IMG_2092-640x480.jpg 400w,https:\/\/feuerwehr-eltmann.de\/wp-content\/uploads\/2017\/08\/mini-IMG_2092-640x480.jpg 2x\" data-envira-width=\"300\" data-envira-height=\"196\" srcset=\"data:image\/gif;base64,R0lGODlhAQABAIAAAP\/\/\/\/\/\/\/yH5BAEKAAEALAAAAAABAAEAAAICTAEAOw==\" data-safe-src=\"data:image\/gif;base64,R0lGODlhAQABAIAAAP\/\/\/\/\/\/\/yH5BAEKAAEALAAAAAABAAEAAAICTAEAOw==\" \/><\/div><\/div><\/div><\/div><noscript><img decoding=\"async\" src=\"https:\/\/feuerwehr-eltmann.de\/wp-content\/uploads\/2017\/08\/mini-IMG_2087.jpg\" alt=\"\" \/><img decoding=\"async\" src=\"https:\/\/feuerwehr-eltmann.de\/wp-content\/uploads\/2017\/08\/mini-IMG_2089.jpg\" alt=\"\" \/><img decoding=\"async\" src=\"https:\/\/feuerwehr-eltmann.de\/wp-content\/uploads\/2017\/08\/mini-IMG_2088.jpg\" alt=\"\" \/><img decoding=\"async\" src=\"https:\/\/feuerwehr-eltmann.de\/wp-content\/uploads\/2017\/08\/mini-IMG_2090.jpg\" alt=\"\" \/><img decoding=\"async\" src=\"https:\/\/feuerwehr-eltmann.de\/wp-content\/uploads\/2017\/08\/mini-IMG_2091.jpg\" alt=\"\" \/><img decoding=\"async\" src=\"https:\/\/feuerwehr-eltmann.de\/wp-content\/uploads\/2017\/08\/mini-IMG_2093.jpg\" alt=\"\" \/><img decoding=\"async\" src=\"https:\/\/feuerwehr-eltmann.de\/wp-content\/uploads\/2017\/08\/mini-IMG_2094.jpg\" alt=\"\" \/><img decoding=\"async\" src=\"https:\/\/feuerwehr-eltmann.de\/wp-content\/uploads\/2017\/08\/mini-IMG_2092.jpg\" alt=\"\" \/><\/noscript><\/p>\n","protected":false},"excerpt":{"rendered":"<p>Der R\u00fcstwagen war von 1987 bis Juli 2018 im Einsatz der Feuerwehr Eltmann. Er kam vorzugsweise im R\u00fcstzug zum Einsatz und diente ausschlie\u00dflich der technischen Hilfeleistung. Die Ausr\u00fcstung reichte von Rettungssatz mit Rettungszylinder \u00fcber einen Hebebaum bishin zum Schneidbrenner. Bei &hellip; <a href=\"https:\/\/feuerwehr-eltmann.de\/?page_id=407\">Weiterlesen <span class=\"meta-nav\">&rarr;<\/span><\/a><\/p>\n","protected":false},"author":2,"featured_media":0,"parent":2275,"menu_order":0,"comment_status":"closed","ping_status":"closed","template":"","meta":{"_mc_calendar":[],"footnotes":""},"class_list":["post-407","page","type-page","status-publish","hentry"],"_links":{"self":[{"href":"https:\/\/feuerwehr-eltmann.de\/index.php?rest_route=\/wp\/v2\/pages\/407","targetHints":{"allow":["GET"]}}],"collection":[{"href":"https:\/\/feuerwehr-eltmann.de\/index.php?rest_route=\/wp\/v2\/pages"}],"about":[{"href":"https:\/\/feuerwehr-eltmann.de\/index.php?rest_route=\/wp\/v2\/types\/page"}],"author":[{"embeddable":true,"href":"https:\/\/feuerwehr-eltmann.de\/index.php?rest_route=\/wp\/v2\/users\/2"}],"replies":[{"embeddable":true,"href":"https:\/\/feuerwehr-eltmann.de\/index.php?rest_route=%2Fwp%2Fv2%2Fcomments&post=407"}],"version-history":[{"count":8,"href":"https:\/\/feuerwehr-eltmann.de\/index.php?rest_route=\/wp\/v2\/pages\/407\/revisions"}],"predecessor-version":[{"id":2280,"href":"https:\/\/feuerwehr-eltmann.de\/index.php?rest_route=\/wp\/v2\/pages\/407\/revisions\/2280"}],"up":[{"embeddable":true,"href":"https:\/\/feuerwehr-eltmann.de\/index.php?rest_route=\/wp\/v2\/pages\/2275"}],"wp:attachment":[{"href":"https:\/\/feuerwehr-eltmann.de\/index.php?rest_route=%2Fwp%2Fv2%2Fmedia&parent=407"}],"curies":[{"name":"wp","href":"https:\/\/api.w.org\/{rel}","templated":true}]}}