{"id":49,"date":"2017-07-15T11:19:08","date_gmt":"2017-07-15T11:19:08","guid":{"rendered":"http:\/\/feuerwehr-eltmann.de\/?page_id=49"},"modified":"2018-08-07T15:11:51","modified_gmt":"2018-08-07T13:11:51","slug":"ausruestung-2","status":"publish","type":"page","link":"https:\/\/feuerwehr-eltmann.de\/?page_id=49","title":{"rendered":"Ausr\u00fcstung"},"content":{"rendered":"<p>Hier findet ihr eine Auflistung unseres Fuhrparks und Ger\u00e4tschaften. Zudem schaffen wir einen Einblick ins Ger\u00e4tehaus, hinter die Kulissen der Feuerwehr Eltmann.<\/p>\n<h2 style=\"text-align: center;\"><a href=\"https:\/\/feuerwehr-eltmann.de\/?page_id=1067\">Fahrzeuge<\/a><\/h2>\n<h2 style=\"text-align: center;\"><a href=\"https:\/\/feuerwehr-eltmann.de\/?page_id=2275\">Fahrzeuge &#8211; au\u00dfer Dienst<\/a><\/h2>\n<h2 style=\"text-align: center;\"><a href=\"https:\/\/feuerwehr-eltmann.de\/?page_id=470\">Ger\u00e4tehaus<\/a><\/h2>\n","protected":false},"excerpt":{"rendered":"<p>Hier findet ihr eine Auflistung unseres Fuhrparks und Ger\u00e4tschaften. Zudem schaffen wir einen Einblick ins Ger\u00e4tehaus, hinter die Kulissen der Feuerwehr Eltmann. Fahrzeuge Fahrzeuge &#8211; au\u00dfer Dienst Ger\u00e4tehaus<\/p>\n","protected":false},"author":1,"featured_media":0,"parent":0,"menu_order":0,"comment_status":"closed","ping_status":"closed","template":"","meta":{"_mc_calendar":[],"footnotes":""},"class_list":["post-49","page","type-page","status-publish","hentry"],"_links":{"self":[{"href":"https:\/\/feuerwehr-eltmann.de\/index.php?rest_route=\/wp\/v2\/pages\/49","targetHints":{"allow":["GET"]}}],"collection":[{"href":"https:\/\/feuerwehr-eltmann.de\/index.php?rest_route=\/wp\/v2\/pages"}],"about":[{"href":"https:\/\/feuerwehr-eltmann.de\/index.php?rest_route=\/wp\/v2\/types\/page"}],"author":[{"embeddable":true,"href":"https:\/\/feuerwehr-eltmann.de\/index.php?rest_route=\/wp\/v2\/users\/1"}],"replies":[{"embeddable":true,"href":"https:\/\/feuerwehr-eltmann.de\/index.php?rest_route=%2Fwp%2Fv2%2Fcomments&post=49"}],"version-history":[{"count":5,"href":"https:\/\/feuerwehr-eltmann.de\/index.php?rest_route=\/wp\/v2\/pages\/49\/revisions"}],"predecessor-version":[{"id":2287,"href":"https:\/\/feuerwehr-eltmann.de\/index.php?rest_route=\/wp\/v2\/pages\/49\/revisions\/2287"}],"wp:attachment":[{"href":"https:\/\/feuerwehr-eltmann.de\/index.php?rest_route=%2Fwp%2Fv2%2Fmedia&parent=49"}],"curies":[{"name":"wp","href":"https:\/\/api.w.org\/{rel}","templated":true}]}}